Last updated on 2022-08-12 01:50:05 CEST.
Flavor | Version | Tinstall | Tcheck | Ttotal | Status | Flags |
---|---|---|---|---|---|---|
r-devel-linux-x86_64-debian-clang | 1.0 | 29.45 | 294.17 | 323.62 | OK | |
r-devel-linux-x86_64-debian-gcc | 1.0 | 22.04 | 212.90 | 234.94 | OK | |
r-devel-linux-x86_64-fedora-clang | 1.0 | 235.67 | NOTE | |||
r-devel-linux-x86_64-fedora-gcc | 1.0 | 238.03 | OK | |||
r-devel-windows-x86_64 | 1.0 | 46.00 | 268.00 | 314.00 | NOTE | |
r-patched-linux-x86_64 | 1.0 | 35.23 | 281.71 | 316.94 | OK | |
r-release-linux-x86_64 | 1.0 | 24.74 | 282.82 | 307.56 | OK | |
r-release-macos-arm64 | 1.0 | 63.00 | NOTE | |||
r-release-macos-x86_64 | 1.0 | 144.00 | NOTE | |||
r-release-windows-x86_64 | 1.0 | 42.00 | 291.00 | 333.00 | NOTE | |
r-oldrel-macos-arm64 | 1.0 | 65.00 | NOTE | |||
r-oldrel-macos-x86_64 | 1.0 | 105.00 | NOTE | |||
r-oldrel-windows-ix86+x86_64 | 1.0 | 67.00 | 288.00 | 355.00 | NOTE |
Version: 1.0
Check: installed package size
Result: NOTE
installed size is 6.3Mb
sub-directories of 1Mb or more:
exdata 6.1Mb
Flavors: r-devel-linux-x86_64-fedora-clang, r-devel-windows-x86_64, r-release-macos-arm64, r-release-macos-x86_64, r-release-windows-x86_64, r-oldrel-macos-arm64, r-oldrel-macos-x86_64, r-oldrel-windows-ix86+x86_64