CRAN Package Check Results for Package hypothesisr

Last updated on 2025-05-19 02:49:38 CEST.

Flavor Version Tinstall Tcheck Ttotal Status Flags
r-devel-linux-x86_64-debian-clang 0.1.1 1.44 23.69 25.13 OK
r-devel-linux-x86_64-debian-gcc 0.1.1 1.46 19.52 20.98 OK
r-devel-linux-x86_64-fedora-clang 0.1.1 38.55 OK
r-devel-linux-x86_64-fedora-gcc 0.1.1 36.86 OK
r-devel-windows-x86_64 0.1.1 4.00 56.00 60.00 OK
r-patched-linux-x86_64 0.1.1 2.17 22.13 24.30 OK
r-release-linux-x86_64 0.1.1 1.95 22.08 24.03 OK
r-release-macos-arm64 0.1.1 22.00 OK
r-release-macos-x86_64 0.1.1 28.00 OK
r-release-windows-x86_64 0.1.1 4.00 49.00 53.00 OK
r-oldrel-macos-arm64 0.1.1 25.00 NOTE
r-oldrel-macos-x86_64 0.1.1 29.00 NOTE
r-oldrel-windows-x86_64 0.1.1 5.00 51.00 56.00 NOTE

Check Details

Version: 0.1.1
Check: LazyData
Result: NOTE 'LazyData' is specified without a 'data' directory Flavors: r-oldrel-macos-arm64, r-oldrel-macos-x86_64, r-oldrel-windows-x86_64