Last updated on 2025-11-24 01:48:40 CET.
| Flavor | Version | Tinstall | Tcheck | Ttotal | Status | Flags |
|---|---|---|---|---|---|---|
| r-devel-linux-x86_64-debian-clang | 2.1.2 | 6.60 | 254.07 | 260.67 | NOTE | |
| r-devel-linux-x86_64-debian-gcc | 2.1.2 | 4.39 | 190.86 | 195.25 | NOTE | |
| r-devel-linux-x86_64-fedora-clang | 2.1.2 | 14.00 | 388.58 | 402.58 | OK | |
| r-devel-linux-x86_64-fedora-gcc | 2.1.2 | 14.00 | 395.14 | 409.14 | OK | |
| r-devel-windows-x86_64 | 2.1.2 | 9.00 | 293.00 | 302.00 | OK | |
| r-patched-linux-x86_64 | 2.1.2 | 6.40 | 241.90 | 248.30 | OK | |
| r-release-linux-x86_64 | 2.1.2 | 6.56 | 238.01 | 244.57 | OK | |
| r-release-macos-arm64 | 2.1.2 | OK | ||||
| r-release-macos-x86_64 | 2.1.2 | 5.00 | 388.00 | 393.00 | OK | |
| r-release-windows-x86_64 | 2.1.2 | 8.00 | 287.00 | 295.00 | OK | |
| r-oldrel-macos-arm64 | 2.1.2 | OK | ||||
| r-oldrel-macos-x86_64 | 2.1.2 | 5.00 | 310.00 | 315.00 | OK | |
| r-oldrel-windows-x86_64 | 2.1.2 | 12.00 | 362.00 | 374.00 | OK |
Version: 2.1.2
Check: CRAN incoming feasibility
Result: NOTE
Maintainer: ‘Przemyslaw Biecek <przemyslaw.biecek@gmail.com>’
The Description field contains
article (Gosiewska and Biecek 2019) <arXiv:1903.11420> This package is
a part of the 'DrWhy.AI' universe (Biecek 2018) <arXiv:1806.08915>.
Please refer to arXiv e-prints via their arXiv DOI <doi:10.48550/arXiv.YYMM.NNNNN>.
Flavors: r-devel-linux-x86_64-debian-clang, r-devel-linux-x86_64-debian-gcc