Last updated on 2025-04-30 02:50:41 CEST.
Flavor | Version | Tinstall | Tcheck | Ttotal | Status | Flags |
---|---|---|---|---|---|---|
r-devel-linux-x86_64-debian-clang | 3.0.1 | 16.89 | 169.57 | 186.46 | NOTE | |
r-devel-linux-x86_64-debian-gcc | 3.0.1 | 12.78 | 111.67 | 124.45 | NOTE | |
r-devel-linux-x86_64-fedora-clang | 3.0.1 | 308.90 | OK | |||
r-devel-linux-x86_64-fedora-gcc | 3.0.1 | 307.76 | OK | |||
r-devel-windows-x86_64 | 3.0.1 | 22.00 | 285.00 | 307.00 | OK | |
r-patched-linux-x86_64 | 3.0.1 | 18.18 | 160.87 | 179.05 | OK | |
r-release-linux-x86_64 | 3.0.1 | 18.80 | 159.89 | 178.69 | OK | |
r-release-macos-arm64 | 3.0.1 | 99.00 | OK | |||
r-release-macos-x86_64 | 3.0.1 | 175.00 | OK | |||
r-release-windows-x86_64 | 3.0.1 | 25.00 | 279.00 | 304.00 | OK | |
r-oldrel-macos-arm64 | 3.0.1 | 83.00 | OK | |||
r-oldrel-macos-x86_64 | 3.0.1 | 132.00 | OK | |||
r-oldrel-windows-x86_64 | 3.0.1 | 25.00 | 302.00 | 327.00 | OK |
Version: 3.0.1
Check: CRAN incoming feasibility
Result: NOTE
Maintainer: ‘T. C. Hsieh <euler96@gmail.com>’
No Authors@R field in DESCRIPTION.
Please add one, modifying
Authors@R: c(person(given = c("T.", "C."),
family = "Hsieh",
role = c("aut", "cre"),
email = "euler96@gmail.com"),
person(given = c("K.", "H."),
family = "Ma",
role = "aut"),
person(given = "Anne",
family = "Chao",
role = "aut"))
as necessary.
Flavors: r-devel-linux-x86_64-debian-clang, r-devel-linux-x86_64-debian-gcc
Version: 3.0.1
Check: examples
Result: NOTE
Examples with CPU (user + system) or elapsed time > 5s
user system elapsed
iNEXT 5.631 0.027 6.856
ggiNEXT 4.881 0.051 6.280
Flavor: r-devel-linux-x86_64-debian-clang