Last updated on 2024-04-20 01:49:59 CEST.
Flavor | Version | Tinstall | Tcheck | Ttotal | Status | Flags |
---|---|---|---|---|---|---|
r-devel-linux-x86_64-debian-clang | 2.0.0 | 10.19 | 153.42 | 163.61 | OK | |
r-devel-linux-x86_64-debian-gcc | 2.0.0 | OK | ||||
r-devel-linux-x86_64-fedora-clang | 2.0.0 | 192.30 | NOTE | |||
r-devel-linux-x86_64-fedora-gcc | 2.0.0 | 187.57 | OK | |||
r-prerel-macos-arm64 | 2.0.0 | 60.00 | OK | |||
r-prerel-windows-x86_64 | 2.0.0 | 8.00 | 117.00 | 125.00 | OK | |
r-patched-linux-x86_64 | 2.0.0 | 6.18 | 141.03 | 147.21 | OK | |
r-release-linux-x86_64 | 2.0.0 | 5.72 | 144.43 | 150.15 | OK | |
r-release-macos-arm64 | 2.0.0 | 62.00 | OK | |||
r-release-macos-x86_64 | 2.0.0 | 123.00 | OK | |||
r-release-windows-x86_64 | 2.0.0 | 11.00 | 146.00 | 157.00 | OK | |
r-oldrel-macos-arm64 | 2.0.0 | 56.00 | OK | |||
r-oldrel-windows-x86_64 | 2.0.0 | 11.00 | 158.00 | 169.00 | OK |
Version: 2.0.0
Check: Rd cross-references
Result: NOTE
Undeclared package ‘plotly’ in Rd xrefs
Flavor: r-devel-linux-x86_64-fedora-clang