CRAN Package Check Results for Package iNZightTools

Last updated on 2022-05-25 02:52:21 CEST.

Flavor Version Tinstall Tcheck Ttotal Status Flags
r-devel-linux-x86_64-debian-clang 1.12.2 15.62 151.77 167.39 OK
r-devel-linux-x86_64-debian-gcc 1.12.2 11.10 112.23 123.33 OK
r-devel-linux-x86_64-fedora-clang 1.12.2 201.56 NOTE
r-devel-linux-x86_64-fedora-gcc 1.12.2 187.60 OK
r-devel-windows-x86_64 1.12.2 103.00 173.00 276.00 OK
r-patched-linux-x86_64 1.12.2 15.00 142.20 157.20 OK
r-release-linux-x86_64 1.12.2 OK
r-release-macos-arm64 1.12.2 53.00 OK
r-release-macos-x86_64 1.12.2 89.00 OK
r-release-windows-x86_64 1.12.2 96.00 173.00 269.00 OK
r-oldrel-macos-arm64 1.12.2 43.00 OK
r-oldrel-macos-x86_64 1.12.2 72.00 OK
r-oldrel-windows-ix86+x86_64 1.12.2 30.00 167.00 197.00 OK

Check Details

Version: 1.12.2
Check: Rd cross-references
Result: NOTE
    Undeclared package ‘tidyverse’ in Rd xrefs
Flavor: r-devel-linux-x86_64-fedora-clang