Last updated on 2024-04-24 01:52:13 CEST.
Flavor | Version | Tinstall | Tcheck | Ttotal | Status | Flags |
---|---|---|---|---|---|---|
r-devel-linux-x86_64-debian-clang | 2.0.1 | 15.31 | 156.81 | 172.12 | NOTE | |
r-devel-linux-x86_64-debian-gcc | 2.0.1 | 11.57 | 117.63 | 129.20 | NOTE | |
r-devel-linux-x86_64-fedora-clang | 2.0.1 | 212.49 | NOTE | |||
r-devel-linux-x86_64-fedora-gcc | 2.0.1 | 206.89 | NOTE | |||
r-prerel-macos-arm64 | 2.0.1 | 57.00 | NOTE | |||
r-prerel-windows-x86_64 | 2.0.1 | 15.00 | 137.00 | 152.00 | NOTE | |
r-patched-linux-x86_64 | 2.0.1 | 19.64 | 148.83 | 168.47 | NOTE | |
r-release-linux-x86_64 | 2.0.1 | 10.99 | 150.01 | 161.00 | NOTE | |
r-release-macos-arm64 | 2.0.1 | 60.00 | NOTE | |||
r-release-macos-x86_64 | 2.0.1 | 129.00 | NOTE | |||
r-release-windows-x86_64 | 2.0.1 | 18.00 | 171.00 | 189.00 | NOTE | |
r-oldrel-macos-arm64 | 2.0.1 | 62.00 | NOTE | |||
r-oldrel-windows-x86_64 | 2.0.1 | 17.00 | 169.00 | 186.00 | NOTE |
Version: 2.0.1
Check: package dependencies
Result: NOTE
Package suggested but not available for checking: ‘surveyspec’
Flavors: r-devel-linux-x86_64-debian-clang, r-devel-linux-x86_64-debian-gcc, r-devel-linux-x86_64-fedora-clang, r-devel-linux-x86_64-fedora-gcc, r-prerel-macos-arm64, r-prerel-windows-x86_64, r-patched-linux-x86_64, r-release-linux-x86_64, r-release-macos-arm64, r-release-macos-x86_64, r-release-windows-x86_64, r-oldrel-macos-arm64, r-oldrel-windows-x86_64