Last updated on 2024-04-24 01:52:12 CEST.
Flavor | Version | Tinstall | Tcheck | Ttotal | Status | Flags |
---|---|---|---|---|---|---|
r-devel-linux-x86_64-debian-clang | 0.2.2 | 1.95 | 27.13 | 29.08 | OK | |
r-devel-linux-x86_64-debian-gcc | 0.2.2 | 1.60 | 21.15 | 22.75 | OK | |
r-devel-linux-x86_64-fedora-clang | 0.2.2 | 37.28 | NOTE | |||
r-devel-linux-x86_64-fedora-gcc | 0.2.2 | 35.40 | OK | |||
r-prerel-macos-arm64 | 0.2.2 | 15.00 | OK | |||
r-prerel-macos-x86_64 | 0.2.2 | 38.00 | OK | |||
r-prerel-windows-x86_64 | 0.2.2 | 3.00 | 43.00 | 46.00 | OK | |
r-patched-linux-x86_64 | 0.2.2 | 2.56 | 26.83 | 29.39 | OK | |
r-release-linux-x86_64 | 0.2.2 | 1.77 | 26.82 | 28.59 | OK | |
r-release-macos-arm64 | 0.2.2 | 21.00 | OK | |||
r-release-macos-x86_64 | 0.2.2 | 30.00 | OK | |||
r-release-windows-x86_64 | 0.2.2 | 4.00 | 45.00 | 49.00 | OK | |
r-oldrel-macos-arm64 | 0.2.2 | 26.00 | OK | |||
r-oldrel-windows-x86_64 | 0.2.2 | 4.00 | 45.00 | 49.00 | OK |
Version: 0.2.2
Check: Rd cross-references
Result: NOTE
Undeclared package ‘tibble’ in Rd xrefs
Flavor: r-devel-linux-x86_64-fedora-clang