Last updated on 2023-06-06 01:54:04 CEST.
Flavor | Version | Tinstall | Tcheck | Ttotal | Status | Flags |
---|---|---|---|---|---|---|
r-devel-linux-x86_64-debian-clang | 0.2.0 | 2.07 | 26.26 | 28.33 | OK | |
r-devel-linux-x86_64-debian-gcc | 0.2.0 | 1.71 | 20.61 | 22.32 | OK | |
r-devel-linux-x86_64-fedora-clang | 0.2.0 | 36.54 | NOTE | |||
r-devel-linux-x86_64-fedora-gcc | 0.2.0 | 33.42 | OK | |||
r-devel-windows-x86_64 | 0.2.0 | 4.00 | 44.00 | 48.00 | OK | |
r-patched-linux-x86_64 | 0.2.0 | 2.02 | 24.92 | 26.94 | OK | |
r-release-linux-x86_64 | 0.2.0 | 2.01 | 25.37 | 27.38 | OK | |
r-release-macos-arm64 | 0.2.0 | 17.00 | OK | |||
r-release-macos-x86_64 | 0.2.0 | 22.00 | OK | |||
r-release-windows-x86_64 | 0.2.0 | 4.00 | 46.00 | 50.00 | OK | |
r-oldrel-macos-arm64 | 0.2.0 | 16.00 | OK | |||
r-oldrel-macos-x86_64 | 0.2.0 | 22.00 | OK | |||
r-oldrel-windows-x86_64 | 0.2.0 | 4.00 | 45.00 | 49.00 | OK |
Version: 0.2.0
Check: Rd cross-references
Result: NOTE
Undeclared package ‘tibble’ in Rd xrefs
Flavor: r-devel-linux-x86_64-fedora-clang