CRAN Package Check Results for Package icertool

Last updated on 2023-06-06 01:54:04 CEST.

Flavor Version Tinstall Tcheck Ttotal Status Flags
r-devel-linux-x86_64-debian-clang 0.0.3 2.95 23.94 26.89 OK
r-devel-linux-x86_64-debian-gcc 0.0.3 2.39 18.72 21.11 OK
r-devel-linux-x86_64-fedora-clang 0.0.3 33.64 NOTE
r-devel-linux-x86_64-fedora-gcc 0.0.3 31.17 NOTE
r-devel-windows-x86_64 0.0.3 5.00 46.00 51.00 OK
r-patched-linux-x86_64 0.0.3 2.63 22.96 25.59 OK
r-release-linux-x86_64 0.0.3 1.84 23.26 25.10 OK
r-release-macos-arm64 0.0.3 18.00 OK
r-release-macos-x86_64 0.0.3 21.00 OK
r-release-windows-x86_64 0.0.3 6.00 44.00 50.00 OK
r-oldrel-macos-arm64 0.0.3 18.00 NOTE
r-oldrel-macos-x86_64 0.0.3 24.00 NOTE
r-oldrel-windows-x86_64 0.0.3 6.00 47.00 53.00 OK

Check Details

Version: 0.0.3
Check: dependencies in R code
Result: NOTE
    Namespaces in Imports field not imported from:
     ‘digest’ ‘purrr’ ‘tidyverse’
     All declared Imports should be used.
Flavors: r-devel-linux-x86_64-fedora-clang, r-devel-linux-x86_64-fedora-gcc, r-oldrel-macos-arm64, r-oldrel-macos-x86_64