Last updated on 2025-04-30 02:50:41 CEST.
Flavor | Version | Tinstall | Tcheck | Ttotal | Status | Flags |
---|---|---|---|---|---|---|
r-devel-linux-x86_64-debian-clang | 0.1.0 | 11.19 | 136.57 | 147.76 | NOTE | |
r-devel-linux-x86_64-debian-gcc | 0.1.0 | 6.73 | 100.31 | 107.04 | OK | |
r-devel-linux-x86_64-fedora-clang | 0.1.0 | 217.57 | OK | |||
r-devel-linux-x86_64-fedora-gcc | 0.1.0 | 231.56 | OK | |||
r-devel-windows-x86_64 | 0.1.0 | 12.00 | 144.00 | 156.00 | OK | |
r-patched-linux-x86_64 | 0.1.0 | 10.43 | 131.88 | 142.31 | OK | |
r-release-linux-x86_64 | 0.1.0 | 8.58 | 132.79 | 141.37 | OK | |
r-release-macos-arm64 | 0.1.0 | 107.00 | OK | |||
r-release-macos-x86_64 | 0.1.0 | 132.00 | OK | |||
r-release-windows-x86_64 | 0.1.0 | 12.00 | 140.00 | 152.00 | OK | |
r-oldrel-macos-arm64 | 0.1.0 | 79.00 | OK | |||
r-oldrel-macos-x86_64 | 0.1.0 | 208.00 | OK | |||
r-oldrel-windows-x86_64 | 0.1.0 | 14.00 | 174.00 | 188.00 | OK |
Version: 0.1.0
Check: examples
Result: NOTE
Examples with CPU (user + system) or elapsed time > 5s
user system elapsed
icfit 5.56 0.339 7.92
Flavor: r-devel-linux-x86_64-debian-clang