Last updated on 2024-08-16 01:48:21 CEST.
Flavor | Version | Tinstall | Tcheck | Ttotal | Status | Flags |
---|---|---|---|---|---|---|
r-devel-linux-x86_64-debian-clang | 0.3.0 | 4.01 | 34.89 | 38.90 | OK | |
r-devel-linux-x86_64-debian-gcc | 0.3.0 | 2.74 | 26.30 | 29.04 | OK | |
r-devel-linux-x86_64-fedora-clang | 0.3.0 | 63.48 | NOTE | |||
r-devel-linux-x86_64-fedora-gcc | 0.3.0 | 72.95 | OK | |||
r-devel-windows-x86_64 | 0.3.0 | 5.00 | 53.00 | 58.00 | OK | |
r-patched-linux-x86_64 | 0.3.0 | 3.33 | 33.30 | 36.63 | OK | |
r-release-linux-x86_64 | 0.3.0 | 3.42 | 33.61 | 37.03 | OK | |
r-release-macos-arm64 | 0.3.0 | 31.00 | OK | |||
r-release-macos-x86_64 | 0.3.0 | 42.00 | OK | |||
r-release-windows-x86_64 | 0.3.0 | 5.00 | 61.00 | 66.00 | OK | |
r-oldrel-macos-arm64 | 0.3.0 | 30.00 | OK | |||
r-oldrel-macos-x86_64 | 0.3.0 | 49.00 | OK | |||
r-oldrel-windows-x86_64 | 0.3.0 | 7.00 | 57.00 | 64.00 | OK |
Version: 0.3.0
Check: Rd cross-references
Result: NOTE
Undeclared package ‘tibble’ in Rd xrefs
Flavor: r-devel-linux-x86_64-fedora-clang