Last updated on 2025-05-28 01:49:48 CEST.
Flavor | Version | Tinstall | Tcheck | Ttotal | Status | Flags |
---|---|---|---|---|---|---|
r-devel-linux-x86_64-debian-clang | 1.5-13 | 69.92 | 65.31 | 135.23 | NOTE | |
r-devel-linux-x86_64-debian-gcc | 1.5-13 | 50.88 | 46.12 | 97.00 | NOTE | |
r-devel-linux-x86_64-fedora-clang | 1.5-13 | 238.03 | OK | |||
r-devel-linux-x86_64-fedora-gcc | 1.5-13 | 220.59 | OK | |||
r-devel-windows-x86_64 | 1.5-13 | 82.00 | 104.00 | 186.00 | OK | |
r-patched-linux-x86_64 | 1.5-13 | 73.67 | 60.77 | 134.44 | OK | |
r-release-linux-x86_64 | 1.5-13 | 72.59 | 61.25 | 133.84 | OK | |
r-release-macos-arm64 | 1.5-13 | 62.00 | OK | |||
r-release-macos-x86_64 | 1.5-13 | 89.00 | OK | |||
r-release-windows-x86_64 | 1.5-13 | 80.00 | 110.00 | 190.00 | OK | |
r-oldrel-macos-arm64 | 1.5-13 | 57.00 | OK | |||
r-oldrel-macos-x86_64 | 1.5-13 | 69.00 | OK | |||
r-oldrel-windows-x86_64 | 1.5-13 | 93.00 | 119.00 | 212.00 | OK |
Version: 1.5-13
Check: CRAN incoming feasibility
Result: NOTE
Maintainer: ‘Alexander Robitzsch <robitzsch@ipn.uni-kiel.de>’
No Authors@R field in DESCRIPTION.
Please add one, modifying
Authors@R: c(person(given = "Alexander",
family = "Robitzsch",
role = c("aut", "cre"),
email = "robitzsch@ipn.uni-kiel.de"),
person(given = "Jan",
family = "Steinfeld",
role = "aut"))
as necessary.
Flavors: r-devel-linux-x86_64-debian-clang, r-devel-linux-x86_64-debian-gcc