Last updated on 2024-04-25 01:55:17 CEST.
Flavor | Version | Tinstall | Tcheck | Ttotal | Status | Flags |
---|---|---|---|---|---|---|
r-devel-linux-x86_64-debian-clang | 0.4.2 | 29.83 | 68.26 | 98.09 | NOTE | |
r-devel-linux-x86_64-debian-gcc | 0.4.2 | 21.29 | 50.51 | 71.80 | NOTE | |
r-devel-linux-x86_64-fedora-clang | 0.4.2 | 140.75 | NOTE | |||
r-devel-linux-x86_64-fedora-gcc | 0.4.2 | 142.42 | NOTE | |||
r-devel-windows-x86_64 | 0.4.2 | 27.00 | 87.00 | 114.00 | NOTE | |
r-patched-linux-x86_64 | 0.4.2 | 21.63 | 65.92 | 87.55 | NOTE | |
r-release-linux-x86_64 | 0.4.2 | 21.79 | 64.35 | 86.14 | NOTE | |
r-release-macos-arm64 | 0.4.2 | 42.00 | NOTE | |||
r-release-macos-x86_64 | 0.4.2 | 110.00 | NOTE | |||
r-release-windows-x86_64 | 0.4.2 | 26.00 | 91.00 | 117.00 | NOTE | |
r-oldrel-macos-arm64 | 0.4.2 | 47.00 | NOTE | |||
r-oldrel-macos-x86_64 | 0.4.2 | 86.00 | NOTE | |||
r-oldrel-windows-x86_64 | 0.4.2 | 36.00 | 103.00 | 139.00 | NOTE |
Version: 0.4.2
Check: package dependencies
Result: NOTE
Package suggested but not available for checking: ‘accdata’
Flavors: r-devel-linux-x86_64-debian-clang, r-devel-linux-x86_64-debian-gcc, r-devel-linux-x86_64-fedora-clang, r-devel-linux-x86_64-fedora-gcc, r-devel-windows-x86_64, r-patched-linux-x86_64, r-release-linux-x86_64, r-release-macos-arm64, r-release-macos-x86_64, r-release-windows-x86_64, r-oldrel-macos-arm64, r-oldrel-macos-x86_64, r-oldrel-windows-x86_64