Last updated on 2024-04-24 01:52:13 CEST.
Flavor | Version | Tinstall | Tcheck | Ttotal | Status | Flags |
---|---|---|---|---|---|---|
r-devel-linux-x86_64-debian-clang | 3.3.2 | 17.40 | 394.05 | 411.45 | OK | |
r-devel-linux-x86_64-debian-gcc | 3.3.2 | 13.03 | 292.74 | 305.77 | OK | |
r-devel-linux-x86_64-fedora-clang | 3.3.2 | 531.67 | NOTE | |||
r-devel-linux-x86_64-fedora-gcc | 3.3.2 | 500.88 | OK | |||
r-prerel-macos-arm64 | 3.3.2 | 137.00 | NOTE | |||
r-prerel-macos-x86_64 | 3.3.2 | 307.00 | NOTE | |||
r-prerel-windows-x86_64 | 3.3.2 | 13.00 | 284.00 | 297.00 | NOTE | |
r-patched-linux-x86_64 | 3.3.2 | 15.73 | 370.91 | 386.64 | OK | |
r-release-linux-x86_64 | 3.3.2 | 9.04 | 378.35 | 387.39 | OK | |
r-release-macos-arm64 | 3.3.2 | 131.00 | NOTE | |||
r-release-macos-x86_64 | 3.3.2 | 275.00 | NOTE | |||
r-release-windows-x86_64 | 3.3.2 | 18.00 | 374.00 | 392.00 | NOTE | |
r-oldrel-macos-arm64 | 3.3.2 | 133.00 | NOTE | |||
r-oldrel-windows-x86_64 | 3.3.2 | 19.00 | 361.00 | 380.00 | NOTE |
Version: 3.3.2
Check: installed package size
Result: NOTE
installed size is 10.5Mb
sub-directories of 1Mb or more:
doc 9.9Mb
Flavors: r-devel-linux-x86_64-fedora-clang, r-prerel-macos-arm64, r-prerel-macos-x86_64, r-prerel-windows-x86_64, r-release-macos-arm64, r-release-macos-x86_64, r-release-windows-x86_64, r-oldrel-macos-arm64, r-oldrel-windows-x86_64
Version: 3.3.2
Check: Rd cross-references
Result: NOTE
Undeclared package ‘DT’ in Rd xrefs
Flavor: r-devel-linux-x86_64-fedora-clang