Last updated on 2025-10-01 02:54:19 CEST.
Flavor | Version | Tinstall | Tcheck | Ttotal | Status | Flags |
---|---|---|---|---|---|---|
r-devel-linux-x86_64-debian-clang | 0.1.0 | 7.37 | 58.83 | 66.20 | NOTE | |
r-devel-linux-x86_64-debian-gcc | 0.1.0 | 4.70 | 44.14 | 48.84 | NOTE | |
r-devel-linux-x86_64-fedora-clang | 0.1.0 | 108.30 | NOTE | |||
r-devel-linux-x86_64-fedora-gcc | 0.1.0 | 104.76 | NOTE | |||
r-devel-windows-x86_64 | 0.1.0 | 13.00 | 72.00 | 85.00 | NOTE | |
r-patched-linux-x86_64 | 0.1.0 | 7.64 | 55.30 | 62.94 | NOTE | |
r-release-linux-x86_64 | 0.1.0 | 5.68 | 55.16 | 60.84 | NOTE | |
r-release-macos-arm64 | 0.1.0 | 25.00 | NOTE | |||
r-release-macos-x86_64 | 0.1.0 | 77.00 | NOTE | |||
r-release-windows-x86_64 | 0.1.0 | 10.00 | 76.00 | 86.00 | NOTE | |
r-oldrel-macos-arm64 | 0.1.0 | 26.00 | NOTE | |||
r-oldrel-macos-x86_64 | 0.1.0 | 45.00 | NOTE | |||
r-oldrel-windows-x86_64 | 0.1.0 | 14.00 | 90.00 | 104.00 | NOTE |
Version: 0.1.0
Check: Rd files
Result: NOTE
checkRd: (-1) process_stats.Rd:11: Lost braces; missing escapes or markup?
11 | the {janitor} package}
| ^
checkRd: (-1) theme_industRial.Rd:40: Lost braces; missing escapes or markup?
40 | adapted from the package {cowplot} by Claus O.Wilke and reflects the principles
| ^
checkRd: (-1) theme_industRial.Rd:45: Lost braces; missing escapes or markup?
45 | It basically combines the half open theme with a grid background from {cowplot}
| ^
Flavors: r-devel-linux-x86_64-debian-clang, r-devel-linux-x86_64-debian-gcc, r-devel-linux-x86_64-fedora-clang, r-devel-linux-x86_64-fedora-gcc, r-devel-windows-x86_64, r-patched-linux-x86_64, r-release-linux-x86_64, r-release-macos-arm64, r-release-macos-x86_64, r-release-windows-x86_64, r-oldrel-macos-arm64, r-oldrel-macos-x86_64, r-oldrel-windows-x86_64