Last updated on 2024-08-16 01:48:21 CEST.
Flavor | Version | Tinstall | Tcheck | Ttotal | Status | Flags |
---|---|---|---|---|---|---|
r-devel-linux-x86_64-debian-clang | 1.0.2 | 5.60 | 195.86 | 201.46 | OK | |
r-devel-linux-x86_64-debian-gcc | 1.0.2 | 3.88 | 131.96 | 135.84 | OK | |
r-devel-linux-x86_64-fedora-clang | 1.0.2 | 323.72 | NOTE | |||
r-devel-linux-x86_64-fedora-gcc | 1.0.2 | 228.06 | NOTE | |||
r-devel-windows-x86_64 | 1.0.2 | 7.00 | 183.00 | 190.00 | OK | |
r-patched-linux-x86_64 | 1.0.2 | 5.14 | 190.09 | 195.23 | OK | |
r-release-linux-x86_64 | 1.0.2 | 5.22 | 188.49 | 193.71 | OK | |
r-release-macos-arm64 | 1.0.2 | 123.00 | OK | |||
r-release-macos-x86_64 | 1.0.2 | 229.00 | OK | |||
r-release-windows-x86_64 | 1.0.2 | 7.00 | 755.00 | 762.00 | OK | |
r-oldrel-macos-arm64 | 1.0.2 | 202.00 | OK | |||
r-oldrel-macos-x86_64 | 1.0.2 | 356.00 | OK | |||
r-oldrel-windows-x86_64 | 1.0.2 | 9.00 | 222.00 | 231.00 | OK |
Version: 1.0.2
Check: data for non-ASCII characters
Result: NOTE
Note: found 2139 marked UTF-8 strings
Flavors: r-devel-linux-x86_64-fedora-clang, r-devel-linux-x86_64-fedora-gcc