Last updated on 2024-04-23 01:57:03 CEST.
Flavor | Version | Tinstall | Tcheck | Ttotal | Status | Flags |
---|---|---|---|---|---|---|
r-devel-linux-x86_64-debian-clang | 2.10.1 | 26.13 | 299.13 | 325.26 | NOTE | |
r-devel-linux-x86_64-debian-gcc | 2.10.1 | 23.10 | 217.62 | 240.72 | NOTE | |
r-devel-linux-x86_64-fedora-clang | 2.10.1 | 431.99 | OK | |||
r-devel-linux-x86_64-fedora-gcc | 2.10.1 | 439.27 | OK | |||
r-prerel-macos-arm64 | 2.10.1 | 100.00 | NOTE | |||
r-prerel-windows-x86_64 | 2.10.1 | 25.00 | 233.00 | 258.00 | OK | |
r-patched-linux-x86_64 | 2.10.1 | 37.19 | 287.29 | 324.48 | NOTE | |
r-release-linux-x86_64 | 2.10.1 | 24.36 | 288.88 | 313.24 | NOTE | |
r-release-macos-arm64 | 2.10.1 | 128.00 | NOTE | |||
r-release-macos-x86_64 | 2.10.1 | 209.00 | NOTE | |||
r-release-windows-x86_64 | 2.10.1 | 32.00 | 308.00 | 340.00 | NOTE | |
r-oldrel-macos-arm64 | 2.10.1 | 113.00 | NOTE | |||
r-oldrel-windows-x86_64 | 2.10.1 | 32.00 | 269.00 | 301.00 | NOTE |
Version: 2.10.1
Check: package dependencies
Result: NOTE
Package suggested but not available for checking: ‘INLA’
Flavors: r-devel-linux-x86_64-debian-clang, r-devel-linux-x86_64-debian-gcc, r-prerel-macos-arm64, r-patched-linux-x86_64, r-release-linux-x86_64, r-release-macos-arm64, r-release-macos-x86_64, r-release-windows-x86_64, r-oldrel-macos-arm64, r-oldrel-windows-x86_64