Last updated on 2022-07-02 01:48:58 CEST.
Flavor | Version | Tinstall | Tcheck | Ttotal | Status | Flags |
---|---|---|---|---|---|---|
r-devel-linux-x86_64-debian-clang | 0.17.1 | 27.58 | 371.19 | 398.77 | OK | |
r-devel-linux-x86_64-debian-gcc | 0.17.1 | 24.50 | 261.16 | 285.66 | OK | |
r-devel-linux-x86_64-fedora-clang | 0.17.1 | 451.57 | OK | |||
r-devel-linux-x86_64-fedora-gcc | 0.17.1 | 455.37 | OK | |||
r-devel-windows-x86_64 | 0.17.1 | 288.00 | 417.00 | 705.00 | OK | |
r-patched-linux-x86_64 | 0.17.1 | 28.58 | 333.13 | 361.71 | NOTE | |
r-release-linux-x86_64 | 0.17.1 | 23.68 | 336.17 | 359.85 | NOTE | |
r-release-macos-arm64 | 0.17.1 | 106.00 | ERROR | |||
r-release-macos-x86_64 | 0.17.1 | 173.00 | OK | |||
r-release-windows-x86_64 | 0.17.1 | 311.00 | 403.00 | 714.00 | OK | |
r-oldrel-macos-arm64 | 0.17.1 | 127.00 | OK | |||
r-oldrel-macos-x86_64 | 0.17.1 | 177.00 | OK | |||
r-oldrel-windows-ix86+x86_64 | 0.17.1 | 48.00 | 445.00 | 493.00 | OK |
Version: 0.17.1
Check: package dependencies
Result: NOTE
Package suggested but not available for checking: ‘blavaan’
Flavor: r-patched-linux-x86_64
Version: 0.17.1
Check: package dependencies
Result: NOTE
Packages suggested but not available for checking: 'blavaan', 'metaBMA'
Flavor: r-release-linux-x86_64
Version: 0.17.1
Check: tests
Result: ERROR
Running ‘spelling.R’ [0s/0s]
Running ‘testthat.R’ [27s/29s]
Running the tests in ‘tests/testthat.R’ failed.
Last 13 lines of output:
PACKAGE = DLL)`: Incorrect number of arguments (4), expecting 3 for 'getParameterOrder'
Backtrace:
▆
1. └─glmmTMB::glmmTMB(...) at test-glmmTMB.R:24:2
2. └─glmmTMB::fitTMB(TMBStruc)
3. ├─base::with(...)
4. └─base::with.default(...)
5. └─base::eval(substitute(expr), data, enclos = parent.frame())
6. └─base::eval(substitute(expr), data, enclos = parent.frame())
7. └─TMB::MakeADFun(...)
8. └─TMB:::getParameterOrder(data, parameters, new.env(), DLL = DLL)
[ FAIL 5 | WARN 1 | SKIP 14 | PASS 2025 ]
Error: Test failures
Execution halted
Flavor: r-release-macos-arm64