Last updated on 2024-03-28 01:54:00 CET.
Flavor | Version | Tinstall | Tcheck | Ttotal | Status | Flags |
---|---|---|---|---|---|---|
r-devel-linux-x86_64-debian-clang | 0.19.10 | 28.72 | 577.01 | 605.73 | OK | |
r-devel-linux-x86_64-debian-gcc | 0.19.10 | 23.96 | 434.30 | 458.26 | OK | |
r-devel-linux-x86_64-fedora-clang | 0.19.10 | 756.45 | OK | |||
r-devel-linux-x86_64-fedora-gcc | 0.19.10 | 767.99 | OK | |||
r-devel-windows-x86_64 | 0.19.10 | 28.00 | 327.00 | 355.00 | OK | |
r-patched-linux-x86_64 | 0.19.9 | 32.63 | 615.04 | 647.67 | NOTE | |
r-release-linux-x86_64 | 0.19.10 | 26.09 | 617.19 | 643.28 | OK | |
r-release-macos-arm64 | 0.19.10 | 201.00 | OK | |||
r-release-macos-x86_64 | 0.19.10 | 518.00 | OK | |||
r-release-windows-x86_64 | 0.19.10 | 39.00 | 459.00 | 498.00 | OK | |
r-oldrel-macos-arm64 | 0.19.10 | 174.00 | OK | |||
r-oldrel-windows-x86_64 | 0.19.10 | 35.00 | 418.00 | 453.00 | OK |
Version: 0.19.9
Check: package dependencies
Result: NOTE
Package suggested but not available for checking: ‘metaBMA’
Flavor: r-patched-linux-x86_64