Last updated on 2022-05-18 01:49:54 CEST.
Flavor | Version | Tinstall | Tcheck | Ttotal | Status | Flags |
---|---|---|---|---|---|---|
r-devel-linux-x86_64-debian-clang | 1.0 | 1.75 | 28.41 | 30.16 | NOTE | |
r-devel-linux-x86_64-debian-gcc | 1.0 | 1.48 | 21.73 | 23.21 | NOTE | |
r-devel-linux-x86_64-fedora-clang | 1.0 | 36.15 | NOTE | |||
r-devel-linux-x86_64-fedora-gcc | 1.0 | 36.23 | NOTE | |||
r-devel-windows-x86_64 | 1.0 | 15.00 | 46.00 | 61.00 | NOTE | |
r-patched-linux-x86_64 | 1.0 | 2.01 | 27.21 | 29.22 | NOTE | |
r-release-linux-x86_64 | 1.0 | 1.72 | 26.67 | 28.39 | NOTE | |
r-release-macos-arm64 | 1.0 | 14.00 | NOTE | |||
r-release-macos-x86_64 | 1.0 | 20.00 | NOTE | |||
r-release-windows-x86_64 | 1.0 | 5.00 | 42.00 | 47.00 | NOTE | |
r-oldrel-macos-arm64 | 1.0 | 15.00 | NOTE | |||
r-oldrel-macos-x86_64 | 1.0 | 24.00 | NOTE | |||
r-oldrel-windows-ix86+x86_64 | 1.0 | 4.00 | 29.00 | 33.00 | NOTE |
Version: 1.0
Check: DESCRIPTION meta-information
Result: NOTE
Malformed Title field: should not end in a period.
Flavors: r-devel-linux-x86_64-debian-clang, r-devel-linux-x86_64-debian-gcc, r-devel-linux-x86_64-fedora-clang, r-devel-linux-x86_64-fedora-gcc, r-devel-windows-x86_64, r-patched-linux-x86_64, r-release-linux-x86_64, r-release-macos-arm64, r-release-macos-x86_64, r-release-windows-x86_64, r-oldrel-macos-arm64, r-oldrel-macos-x86_64, r-oldrel-windows-ix86+x86_64