Last updated on 2025-10-31 01:49:01 CET.
| Flavor | Version | Tinstall | Tcheck | Ttotal | Status | Flags | 
|---|---|---|---|---|---|---|
| r-devel-linux-x86_64-debian-clang | 1.0.1 | 9.42 | 87.18 | 96.60 | NOTE | |
| r-devel-linux-x86_64-debian-gcc | 1.0.1 | 6.77 | 62.19 | 68.96 | NOTE | |
| r-devel-linux-x86_64-fedora-clang | 1.0.1 | 44.00 | 115.95 | 159.95 | NOTE | |
| r-devel-linux-x86_64-fedora-gcc | 1.0.1 | 18.00 | 119.81 | 137.81 | NOTE | |
| r-devel-windows-x86_64 | 1.0.1 | 10.00 | 98.00 | 108.00 | NOTE | |
| r-patched-linux-x86_64 | 1.0.1 | 9.38 | 82.63 | 92.01 | NOTE | |
| r-release-linux-x86_64 | 1.0.1 | 8.81 | 83.14 | 91.95 | NOTE | |
| r-release-macos-arm64 | 1.0.1 | 4.00 | 41.00 | 45.00 | NOTE | |
| r-release-macos-x86_64 | 1.0.1 | 13.00 | 82.00 | 95.00 | NOTE | |
| r-release-windows-x86_64 | 1.0.1 | 10.00 | 100.00 | 110.00 | NOTE | |
| r-oldrel-macos-arm64 | 1.0.1 | 4.00 | 40.00 | 44.00 | NOTE | |
| r-oldrel-macos-x86_64 | 1.0.1 | 6.00 | 55.00 | 61.00 | NOTE | |
| r-oldrel-windows-x86_64 | 1.0.1 | 13.00 | 125.00 | 138.00 | NOTE | 
Version: 1.0.1
Check: CRAN incoming feasibility
Result: NOTE
  Maintainer: ‘Adriaan M. Dokter <amd427@cornell.edu>’
  
  No Authors@R field in DESCRIPTION.
  Please add one, modifying
    Authors@R: person(given = c("Adriaan", "M."),
                      family = "Dokter",
                      role = c("aut", "cre"),
                      email = "amd427@cornell.edu")
  as necessary.
  
  Package CITATION file contains call(s) to old-style citEntry().  Please
  use bibentry() instead.
Flavors: r-devel-linux-x86_64-debian-clang, r-devel-linux-x86_64-debian-gcc
Version: 1.0.1
Check: Rd files
Result: NOTE
  checkRd: (-1) intRvals-package.Rd:60: Lost braces
      60 | B\'{e}dard, J. & Gauthier, G. 1986. Assessment of faecal output in geese. Journal of Applied Ecology, 23, 77-90.
         |    ^
  checkRd: (-1) partition.Rd:64: Lost braces
      64 | Bates, D., M\"{a}chler, M., Bolker, B.M. & Walker, S.C. (2015). Fitting linear mixed-effects models using lme4. Journal of Statistical Software, 67, 1-48.
         |               ^
Flavors: r-devel-linux-x86_64-debian-clang, r-devel-linux-x86_64-debian-gcc, r-devel-linux-x86_64-fedora-clang, r-devel-linux-x86_64-fedora-gcc, r-devel-windows-x86_64, r-patched-linux-x86_64, r-release-linux-x86_64, r-release-macos-arm64, r-release-macos-x86_64, r-release-windows-x86_64, r-oldrel-macos-arm64, r-oldrel-macos-x86_64, r-oldrel-windows-x86_64