Last updated on 2025-04-30 01:50:23 CEST.
Flavor | Version | Tinstall | Tcheck | Ttotal | Status | Flags |
---|---|---|---|---|---|---|
r-devel-linux-x86_64-debian-clang | 2.1.1 | 39.43 | 342.99 | 382.42 | OK | |
r-devel-linux-x86_64-debian-gcc | 2.1.1 | 26.74 | 225.91 | 252.65 | OK | |
r-devel-linux-x86_64-fedora-clang | 2.1.1 | 618.34 | OK | |||
r-devel-linux-x86_64-fedora-gcc | 2.1.1 | 563.55 | OK | |||
r-devel-windows-x86_64 | 2.1.1 | 39.00 | 264.00 | 303.00 | OK | |
r-patched-linux-x86_64 | 2.1.1 | 37.58 | 319.08 | 356.66 | OK | |
r-release-linux-x86_64 | 2.1.1 | 36.66 | 321.43 | 358.09 | OK | |
r-release-macos-arm64 | 2.1.1 | 137.00 | OK | |||
r-release-macos-x86_64 | 2.1.1 | 328.00 | OK | |||
r-release-windows-x86_64 | 2.1.1 | 36.00 | 258.00 | 294.00 | OK | |
r-oldrel-macos-arm64 | 2.1.1 | 154.00 | NOTE | |||
r-oldrel-macos-x86_64 | 2.1.1 | 210.00 | NOTE | |||
r-oldrel-windows-x86_64 | 2.1.1 | 50.00 | 355.00 | 405.00 | OK |
Version: 2.1.1
Check: package dependencies
Result: NOTE
Package suggested but not available for checking: ‘INLA’
Flavors: r-oldrel-macos-arm64, r-oldrel-macos-x86_64
Version: 2.1.1
Check: Rd cross-references
Result: NOTE
Package unavailable to check Rd xrefs: ‘INLA’
Flavors: r-oldrel-macos-arm64, r-oldrel-macos-x86_64