Last updated on 2024-04-19 01:58:46 CEST.
Flavor | Version | Tinstall | Tcheck | Ttotal | Status | Flags |
---|---|---|---|---|---|---|
r-devel-linux-x86_64-debian-clang | 2.0.2 | 39.03 | 418.80 | 457.83 | NOTE | |
r-devel-linux-x86_64-debian-gcc | 2.0.2 | 32.78 | 293.76 | 326.54 | NOTE | |
r-devel-linux-x86_64-fedora-clang | 2.0.2 | 547.86 | OK | |||
r-devel-linux-x86_64-fedora-gcc | 2.0.2 | 534.29 | OK | |||
r-prerel-macos-arm64 | 2.0.2 | 134.00 | NOTE | |||
r-prerel-windows-x86_64 | 2.0.2 | 35.00 | 237.00 | 272.00 | OK | |
r-patched-linux-x86_64 | 2.0.2 | 32.40 | 397.27 | 429.67 | NOTE | |
r-release-linux-x86_64 | 2.0.2 | 29.38 | 397.72 | 427.10 | NOTE | |
r-release-macos-arm64 | 2.0.2 | 143.00 | NOTE | |||
r-release-macos-x86_64 | 2.0.2 | 334.00 | NOTE | |||
r-release-windows-x86_64 | 2.0.2 | 48.00 | 348.00 | 396.00 | NOTE | |
r-oldrel-macos-arm64 | 2.0.2 | 152.00 | NOTE | |||
r-oldrel-windows-x86_64 | 2.0.2 | 48.00 | 345.00 | 393.00 | NOTE |
Version: 2.0.2
Check: package dependencies
Result: NOTE
Package suggested but not available for checking: ‘INLA’
Flavors: r-devel-linux-x86_64-debian-clang, r-devel-linux-x86_64-debian-gcc, r-prerel-macos-arm64, r-patched-linux-x86_64, r-release-linux-x86_64, r-release-macos-arm64, r-release-macos-x86_64, r-release-windows-x86_64, r-oldrel-macos-arm64, r-oldrel-windows-x86_64
Version: 2.0.2
Check: Rd cross-references
Result: NOTE
Package unavailable to check Rd xrefs: ‘INLA’
Flavors: r-devel-linux-x86_64-debian-clang, r-devel-linux-x86_64-debian-gcc, r-prerel-macos-arm64, r-patched-linux-x86_64, r-release-linux-x86_64, r-release-macos-arm64, r-release-macos-x86_64, r-release-windows-x86_64, r-oldrel-macos-arm64, r-oldrel-windows-x86_64