Last updated on 2024-04-18 01:55:20 CEST.
Flavor | Version | Tinstall | Tcheck | Ttotal | Status | Flags |
---|---|---|---|---|---|---|
r-devel-linux-x86_64-debian-clang | 3.0.4 | 8.42 | 59.65 | 68.07 | OK | |
r-devel-linux-x86_64-debian-gcc | 3.0.4 | 6.60 | 43.42 | 50.02 | OK | |
r-devel-linux-x86_64-fedora-clang | 3.0.4 | 84.04 | NOTE | |||
r-devel-linux-x86_64-fedora-gcc | 3.0.4 | 91.53 | NOTE | |||
r-prerel-macos-arm64 | 3.0.4 | 29.00 | OK | |||
r-prerel-windows-x86_64 | 3.0.4 | 7.00 | 64.00 | 71.00 | OK | |
r-patched-linux-x86_64 | 3.0.4 | 9.32 | 55.42 | 64.74 | OK | |
r-release-linux-x86_64 | 3.0.4 | 9.54 | 55.09 | 64.63 | OK | |
r-release-macos-arm64 | 3.0.4 | 33.00 | OK | |||
r-release-macos-x86_64 | 3.0.4 | 50.00 | OK | |||
r-release-windows-x86_64 | 3.0.4 | 10.00 | 71.00 | 81.00 | OK | |
r-oldrel-macos-arm64 | 3.0.4 | 27.00 | NOTE | |||
r-oldrel-windows-x86_64 | 3.0.4 | 12.00 | 66.00 | 78.00 | OK |
Version: 3.0.4
Check: dependencies in R code
Result: NOTE
Namespace in Imports field not imported from: ‘splines2’
All declared Imports should be used.
Flavors: r-devel-linux-x86_64-fedora-clang, r-devel-linux-x86_64-fedora-gcc, r-oldrel-macos-arm64