Last updated on 2024-04-17 01:49:47 CEST.
Flavor | Version | Tinstall | Tcheck | Ttotal | Status | Flags |
---|---|---|---|---|---|---|
r-devel-linux-x86_64-debian-clang | 0.3.4 | 13.27 | 83.91 | 97.18 | NOTE | |
r-devel-linux-x86_64-debian-gcc | 0.3.4 | 8.55 | 60.58 | 69.13 | NOTE | |
r-devel-linux-x86_64-fedora-clang | 0.3.4 | 119.23 | NOTE | |||
r-devel-linux-x86_64-fedora-gcc | 0.3.4 | 110.54 | NOTE | |||
r-prerel-macos-arm64 | 0.3.4 | 44.00 | NOTE | |||
r-prerel-windows-x86_64 | 0.3.4 | 9.00 | 75.00 | 84.00 | NOTE | |
r-patched-linux-x86_64 | 0.3.4 | 14.28 | 78.13 | 92.41 | NOTE | |
r-release-linux-x86_64 | 0.3.4 | 10.32 | 74.72 | 85.04 | OK | |
r-release-macos-arm64 | 0.3.4 | 37.00 | OK | |||
r-release-macos-x86_64 | 0.3.4 | 56.00 | OK | |||
r-release-windows-x86_64 | 0.3.4 | 13.00 | 91.00 | 104.00 | OK | |
r-oldrel-macos-arm64 | 0.3.4 | 49.00 | OK | |||
r-oldrel-windows-x86_64 | 0.3.4 | 13.00 | 94.00 | 107.00 | OK |
Version: 0.3.4
Check: Rd files
Result: NOTE
checkRd: (-1) f.influence.Rd:25: Lost braces; missing escapes or markup?
25 | where F is the field of influence, k is order of influence, l_{ij} is the ith row and jth column element of the Leontief Inverse and -s indicates the sth element has been removed.
| ^
Flavors: r-devel-linux-x86_64-debian-clang, r-devel-linux-x86_64-debian-gcc, r-devel-linux-x86_64-fedora-clang, r-devel-linux-x86_64-fedora-gcc, r-prerel-macos-arm64, r-prerel-windows-x86_64, r-patched-linux-x86_64