Last updated on 2022-06-30 01:49:11 CEST.
Flavor | Version | Tinstall | Tcheck | Ttotal | Status | Flags |
---|---|---|---|---|---|---|
r-devel-linux-x86_64-debian-clang | 0.2-9 | 36.65 | 404.19 | 440.84 | NOTE | |
r-devel-linux-x86_64-debian-gcc | 0.2-9 | 29.65 | 294.47 | 324.12 | NOTE | |
r-devel-linux-x86_64-fedora-clang | 0.2-9 | 513.35 | NOTE | |||
r-devel-linux-x86_64-fedora-gcc | 0.2-9 | 517.81 | NOTE | |||
r-devel-windows-x86_64 | 0.2-9 | 35.00 | 399.00 | 434.00 | NOTE | |
r-patched-linux-x86_64 | 0.2-9 | 35.94 | 387.05 | 422.99 | NOTE | |
r-release-linux-x86_64 | 0.2-9 | 35.37 | 388.97 | 424.34 | NOTE | |
r-release-macos-arm64 | 0.2-9 | 120.00 | NOTE | |||
r-release-macos-x86_64 | 0.2-9 | 175.00 | NOTE | |||
r-release-windows-x86_64 | 0.2-9 | 33.00 | 391.00 | 424.00 | NOTE | |
r-oldrel-macos-arm64 | 0.2-9 | 90.00 | NOTE | |||
r-oldrel-macos-x86_64 | 0.2-9 | 174.00 | NOTE | |||
r-oldrel-windows-ix86+x86_64 | 0.2-9 | 73.00 | 424.00 | 497.00 | NOTE |
Version: 0.2-9
Check: package dependencies
Result: NOTE
Package suggested but not available for checking: 'geoR'
Flavors: r-devel-linux-x86_64-debian-clang, r-devel-linux-x86_64-debian-gcc, r-devel-linux-x86_64-fedora-clang, r-devel-linux-x86_64-fedora-gcc, r-patched-linux-x86_64, r-release-linux-x86_64
Version: 0.2-9
Check: LazyData
Result: NOTE
'LazyData' is specified without a 'data' directory
Flavors: r-devel-linux-x86_64-debian-clang, r-devel-linux-x86_64-debian-gcc, r-devel-linux-x86_64-fedora-clang, r-devel-linux-x86_64-fedora-gcc, r-devel-windows-x86_64, r-patched-linux-x86_64, r-release-linux-x86_64, r-release-macos-arm64, r-release-macos-x86_64, r-release-windows-x86_64, r-oldrel-macos-arm64, r-oldrel-macos-x86_64, r-oldrel-windows-ix86+x86_64