Last updated on 2024-04-19 01:58:46 CEST.
Flavor | Version | Tinstall | Tcheck | Ttotal | Status | Flags |
---|---|---|---|---|---|---|
r-devel-linux-x86_64-debian-clang | 0.7.4 | 101.85 | 104.01 | 205.86 | OK | |
r-devel-linux-x86_64-debian-gcc | 0.7.4 | 87.25 | 81.18 | 168.43 | OK | |
r-devel-linux-x86_64-fedora-clang | 0.7.4 | 278.41 | OK | |||
r-devel-linux-x86_64-fedora-gcc | 0.7.4 | 300.71 | OK | |||
r-prerel-macos-arm64 | 0.7.4 | 71.00 | NOTE | |||
r-prerel-macos-x86_64 | 0.7.4 | 153.00 | NOTE | |||
r-prerel-windows-x86_64 | 0.7.4 | 78.00 | 112.00 | 190.00 | OK | |
r-patched-linux-x86_64 | 0.7.4 | 102.83 | 105.98 | 208.81 | OK | |
r-release-linux-x86_64 | 0.7.4 | 106.19 | 101.57 | 207.76 | OK | |
r-release-macos-arm64 | 0.7.4 | 75.00 | NOTE | |||
r-release-macos-x86_64 | 0.7.4 | 143.00 | NOTE | |||
r-release-windows-x86_64 | 0.7.4 | 93.00 | 142.00 | 235.00 | OK | |
r-oldrel-macos-arm64 | 0.7.4 | 73.00 | NOTE | |||
r-oldrel-windows-x86_64 | 0.7.4 | 89.00 | 137.00 | 226.00 | OK |
Version: 0.7.4
Check: installed package size
Result: NOTE
installed size is 13.5Mb
sub-directories of 1Mb or more:
libs 12.2Mb
Flavors: r-prerel-macos-arm64, r-prerel-macos-x86_64, r-release-macos-arm64, r-release-macos-x86_64, r-oldrel-macos-arm64