Last updated on 2022-06-30 01:49:11 CEST.
Flavor | Version | Tinstall | Tcheck | Ttotal | Status | Flags |
---|---|---|---|---|---|---|
r-devel-linux-x86_64-debian-clang | 0.7.2 | 45.00 | 41.52 | 86.52 | OK | |
r-devel-linux-x86_64-debian-gcc | 0.7.2 | 38.49 | 32.70 | 71.19 | OK | |
r-devel-linux-x86_64-fedora-clang | 0.7.2 | 133.23 | NOTE | |||
r-devel-linux-x86_64-fedora-gcc | 0.7.2 | 126.23 | NOTE | |||
r-devel-windows-x86_64 | 0.7.2 | 71.00 | 107.00 | 178.00 | OK | |
r-patched-linux-x86_64 | 0.7.2 | 46.72 | 41.60 | 88.32 | OK | |
r-release-linux-x86_64 | 0.7.2 | 39.15 | 40.85 | 80.00 | OK | |
r-release-macos-arm64 | 0.7.2 | 38.00 | NOTE | |||
r-release-macos-x86_64 | 0.7.2 | 55.00 | NOTE | |||
r-release-windows-x86_64 | 0.7.2 | 58.00 | 97.00 | 155.00 | OK | |
r-oldrel-macos-arm64 | 0.7.2 | 39.00 | NOTE | |||
r-oldrel-macos-x86_64 | 0.7.2 | 67.00 | NOTE | |||
r-oldrel-windows-ix86+x86_64 | 0.7.2 | 123.00 | 104.00 | 227.00 | OK |
Version: 0.7.2
Check: data for non-ASCII characters
Result: NOTE
Note: found 12 marked UTF-8 strings
Flavors: r-devel-linux-x86_64-fedora-clang, r-devel-linux-x86_64-fedora-gcc, r-release-macos-arm64, r-release-macos-x86_64, r-oldrel-macos-arm64, r-oldrel-macos-x86_64