Last updated on 2024-05-02 01:57:02 CEST.
Flavor | Version | Tinstall | Tcheck | Ttotal | Status | Flags |
---|---|---|---|---|---|---|
r-devel-linux-x86_64-debian-clang | 0.2.1 | 11.26 | 217.22 | 228.48 | NOTE | |
r-devel-linux-x86_64-debian-gcc | 0.2.1 | 10.17 | 161.36 | 171.53 | NOTE | |
r-devel-linux-x86_64-fedora-clang | 0.2.1 | 290.60 | NOTE | |||
r-devel-linux-x86_64-fedora-gcc | 0.2.1 | 286.24 | NOTE | |||
r-devel-windows-x86_64 | 0.2.1 | 12.00 | 182.00 | 194.00 | NOTE | |
r-patched-linux-x86_64 | 0.2.1 | 9.67 | 204.82 | 214.49 | NOTE | |
r-release-linux-x86_64 | 0.2.1 | 8.24 | 211.56 | 219.80 | NOTE | |
r-release-macos-arm64 | 0.2.1 | 82.00 | NOTE | |||
r-release-windows-x86_64 | 0.2.1 | 11.00 | 176.00 | 187.00 | NOTE | |
r-oldrel-macos-arm64 | 0.2.1 | 105.00 | NOTE | |||
r-oldrel-macos-x86_64 | 0.2.1 | 184.00 | NOTE | |||
r-oldrel-windows-x86_64 | 0.2.1 | 16.00 | 221.00 | 237.00 | NOTE |
Version: 0.2.1
Check: Rd files
Result: NOTE
checkRd: (-1) ir_to_transmittance.Rd:49: Escaped LaTeX specials: \&
Flavors: r-devel-linux-x86_64-debian-clang, r-devel-linux-x86_64-debian-gcc, r-devel-linux-x86_64-fedora-clang, r-devel-linux-x86_64-fedora-gcc, r-devel-windows-x86_64, r-patched-linux-x86_64, r-release-linux-x86_64, r-release-macos-arm64, r-release-windows-x86_64, r-oldrel-macos-arm64, r-oldrel-macos-x86_64, r-oldrel-windows-x86_64