CRAN Package Check Results for Package ircor

Last updated on 2025-07-23 02:54:00 CEST.

Flavor Version Tinstall Tcheck Ttotal Status Flags
r-devel-linux-x86_64-debian-clang 1.0 1.68 19.55 21.23 OK
r-devel-linux-x86_64-debian-gcc 1.0 1.49 16.18 17.67 OK
r-devel-linux-x86_64-fedora-clang 1.0 31.82 OK
r-devel-linux-x86_64-fedora-gcc 1.0 31.66 OK
r-devel-windows-x86_64 1.0 4.00 39.00 43.00 OK
r-patched-linux-x86_64 1.0 1.86 18.08 19.94 OK
r-release-linux-x86_64 1.0 1.76 18.15 19.91 OK
r-release-macos-arm64 1.0 16.00 OK
r-release-macos-x86_64 1.0 24.00 OK
r-release-windows-x86_64 1.0 3.00 40.00 43.00 OK
r-oldrel-macos-arm64 1.0 14.00 NOTE
r-oldrel-macos-x86_64 1.0 20.00 NOTE
r-oldrel-windows-x86_64 1.0 3.00 44.00 47.00 NOTE

Check Details

Version: 1.0
Check: LazyData
Result: NOTE 'LazyData' is specified without a 'data' directory Flavors: r-oldrel-macos-arm64, r-oldrel-macos-x86_64, r-oldrel-windows-x86_64