CRAN Package Check Results for Package irrICC

Last updated on 2025-10-23 02:49:58 CEST.

Flavor Version Tinstall Tcheck Ttotal Status Flags
r-devel-linux-x86_64-debian-clang 1.0 4.23 46.17 50.40 NOTE
r-devel-linux-x86_64-debian-gcc 1.0 2.95 34.34 37.29 NOTE
r-devel-linux-x86_64-fedora-clang 1.0 13.00 61.32 74.32 OK
r-devel-linux-x86_64-fedora-gcc 1.0 11.00 70.15 81.15 OK
r-devel-windows-x86_64 1.0 7.00 71.00 78.00 OK
r-patched-linux-x86_64 1.0 5.17 43.83 49.00 OK
r-release-linux-x86_64 1.0 4.79 43.66 48.45 OK
r-release-macos-arm64 1.0 2.00 31.00 33.00 OK
r-release-macos-x86_64 1.0 5.00 64.00 69.00 OK
r-release-windows-x86_64 1.0 6.00 73.00 79.00 OK
r-oldrel-macos-arm64 1.0 2.00 29.00 31.00 OK
r-oldrel-macos-x86_64 1.0 3.00 60.00 63.00 OK
r-oldrel-windows-x86_64 1.0 9.00 84.00 93.00 OK

Check Details

Version: 1.0
Check: CRAN incoming feasibility
Result: NOTE Maintainer: ‘Kilem L. Gwet <gwet@agreestat.com>’ No Authors@R field in DESCRIPTION. Please add one, modifying Authors@R: c(person(given = c("Kilem", "L."), family = "Gwet", role = c("aut", "cre"), email = "gwet@agreestat.com"), person(family = "Ph.D.", role = "aut")) as necessary. Flavors: r-devel-linux-x86_64-debian-clang, r-devel-linux-x86_64-debian-gcc