Last updated on 2024-08-16 01:48:21 CEST.
Flavor | Version | Tinstall | Tcheck | Ttotal | Status | Flags |
---|---|---|---|---|---|---|
r-devel-linux-x86_64-debian-clang | 0.2 | 12.88 | 90.93 | 103.81 | NOTE | |
r-devel-linux-x86_64-debian-gcc | 0.2 | 9.75 | 67.58 | 77.33 | NOTE | |
r-devel-linux-x86_64-fedora-clang | 0.2 | 160.86 | NOTE | |||
r-devel-linux-x86_64-fedora-gcc | 0.2 | 155.01 | NOTE | |||
r-devel-windows-x86_64 | 0.2 | 13.00 | 96.00 | 109.00 | NOTE | |
r-patched-linux-x86_64 | 0.2 | 12.19 | 84.77 | 96.96 | NOTE | |
r-release-linux-x86_64 | 0.2 | 11.39 | 85.41 | 96.80 | NOTE | |
r-release-macos-arm64 | 0.2 | 39.00 | NOTE | |||
r-release-macos-x86_64 | 0.2 | 61.00 | NOTE | |||
r-release-windows-x86_64 | 0.2 | 14.00 | 95.00 | 109.00 | NOTE | |
r-oldrel-macos-arm64 | 0.2 | 43.00 | NOTE | |||
r-oldrel-macos-x86_64 | 0.2 | 71.00 | NOTE | |||
r-oldrel-windows-x86_64 | 0.2 | 18.00 | 118.00 | 136.00 | NOTE |
Version: 0.2
Check: LazyData
Result: NOTE
'LazyData' is specified without a 'data' directory
Flavors: r-devel-linux-x86_64-debian-clang, r-devel-linux-x86_64-debian-gcc, r-devel-linux-x86_64-fedora-clang, r-devel-linux-x86_64-fedora-gcc, r-devel-windows-x86_64, r-patched-linux-x86_64, r-release-linux-x86_64, r-release-macos-arm64, r-release-macos-x86_64, r-release-windows-x86_64, r-oldrel-macos-arm64, r-oldrel-macos-x86_64, r-oldrel-windows-x86_64