Last updated on 2022-06-25 01:49:02 CEST.
Flavor | Version | Tinstall | Tcheck | Ttotal | Status | Flags |
---|---|---|---|---|---|---|
r-devel-linux-x86_64-debian-clang | 1.0.1 | 8.77 | 65.04 | 73.81 | OK | |
r-devel-linux-x86_64-debian-gcc | 1.0.1 | 6.74 | 49.47 | 56.21 | OK | |
r-devel-linux-x86_64-fedora-clang | 1.0.1 | 105.62 | WARN | |||
r-devel-linux-x86_64-fedora-gcc | 1.0.1 | 95.68 | WARN | |||
r-devel-windows-x86_64 | 1.0.1 | 35.00 | 114.00 | 149.00 | OK | |
r-patched-linux-x86_64 | 1.0.1 | 6.06 | 62.69 | 68.75 | OK | |
r-release-linux-x86_64 | 1.0.1 | 5.35 | 62.33 | 67.68 | OK | |
r-release-macos-arm64 | 1.0.1 | 33.00 | OK | |||
r-release-macos-x86_64 | 1.0.1 | 57.00 | OK | |||
r-release-windows-x86_64 | 1.0.1 | 35.00 | 104.00 | 139.00 | OK | |
r-oldrel-macos-arm64 | 1.0.1 | 46.00 | OK | |||
r-oldrel-macos-x86_64 | 1.0.1 | 44.00 | OK | |||
r-oldrel-windows-ix86+x86_64 | 1.0.1 | 17.00 | 100.00 | 117.00 | OK |
Version: 1.0.1
Check: package dependencies
Result: WARN
Requires (indirectly) orphaned package: ‘gtools’
Flavors: r-devel-linux-x86_64-fedora-clang, r-devel-linux-x86_64-fedora-gcc