Last updated on 2024-04-20 01:49:59 CEST.
Flavor | Version | Tinstall | Tcheck | Ttotal | Status | Flags |
---|---|---|---|---|---|---|
r-devel-linux-x86_64-debian-clang | 1.1.5 | 413.54 | 368.94 | 782.48 | NOTE | |
r-devel-linux-x86_64-debian-gcc | 1.1.5 | NOTE | ||||
r-devel-linux-x86_64-fedora-clang | 1.1.5 | 914.98 | NOTE | |||
r-devel-linux-x86_64-fedora-gcc | 1.1.5 | 970.45 | NOTE | |||
r-prerel-macos-arm64 | 1.1.5 | 219.00 | NOTE | |||
r-prerel-windows-x86_64 | 1.1.5 | 237.00 | 289.00 | 526.00 | NOTE | |
r-patched-linux-x86_64 | 1.1.5 | 0.02 | 3.12 | 3.14 | ERROR | |
r-release-linux-x86_64 | 1.1.5 | 0.04 | 3.23 | 3.27 | ERROR | |
r-release-macos-arm64 | 1.1.5 | 297.00 | NOTE | |||
r-release-macos-x86_64 | 1.1.5 | 802.00 | NOTE | |||
r-release-windows-x86_64 | 1.1.5 | 296.00 | 377.00 | 673.00 | NOTE | |
r-oldrel-macos-arm64 | 1.1.5 | 290.00 | NOTE | |||
r-oldrel-windows-x86_64 | 1.1.5 | 281.00 | 354.00 | 635.00 | NOTE |
Version: 1.1.5
Check: Rd files
Result: NOTE
checkRd: (-1) run_mcmc.Rd:61: Lost braces; missing escapes or markup?
61 | object of class \code{networkModelStanfit} and {mcmc.list}, which still
| ^
Flavors: r-devel-linux-x86_64-debian-clang, r-devel-linux-x86_64-debian-gcc, r-devel-linux-x86_64-fedora-clang, r-devel-linux-x86_64-fedora-gcc, r-prerel-macos-arm64, r-prerel-windows-x86_64
Version: 1.1.5
Check: for GNU extensions in Makefiles
Result: NOTE
GNU make is a SystemRequirements.
Flavors: r-devel-linux-x86_64-debian-clang, r-devel-linux-x86_64-debian-gcc, r-devel-linux-x86_64-fedora-clang, r-devel-linux-x86_64-fedora-gcc, r-prerel-macos-arm64, r-prerel-windows-x86_64, r-release-macos-arm64, r-release-macos-x86_64, r-release-windows-x86_64, r-oldrel-macos-arm64, r-oldrel-windows-x86_64
Version: 1.1.5
Check: installed package size
Result: NOTE
installed size is 9.9Mb
sub-directories of 1Mb or more:
data 1.9Mb
doc 2.3Mb
libs 4.7Mb
Flavors: r-devel-linux-x86_64-fedora-clang, r-prerel-macos-arm64, r-prerel-windows-x86_64, r-release-macos-arm64, r-release-macos-x86_64, r-release-windows-x86_64, r-oldrel-macos-arm64, r-oldrel-windows-x86_64
Version: 1.1.5
Check: dependencies in R code
Result: NOTE
Namespace in Imports field not imported from: ‘rstantools’
All declared Imports should be used.
Flavors: r-devel-linux-x86_64-fedora-clang, r-devel-linux-x86_64-fedora-gcc
Version: 1.1.5
Check: whether package can be installed
Result: ERROR
Installation failed.
Flavors: r-patched-linux-x86_64, r-release-linux-x86_64