Last updated on 2024-08-16 01:48:21 CEST.
Flavor | Version | Tinstall | Tcheck | Ttotal | Status | Flags |
---|---|---|---|---|---|---|
r-devel-linux-x86_64-debian-clang | 0.2.1 | 39.07 | 358.16 | 397.23 | NOTE | |
r-devel-linux-x86_64-debian-gcc | 0.2.1 | 28.07 | 236.32 | 264.39 | NOTE | |
r-devel-linux-x86_64-fedora-clang | 0.2.1 | 629.89 | OK | |||
r-devel-linux-x86_64-fedora-gcc | 0.2.1 | 611.41 | OK | |||
r-devel-windows-x86_64 | 0.2.1 | 40.00 | 301.00 | 341.00 | NOTE | |
r-patched-linux-x86_64 | 0.2.1 | 43.33 | 332.10 | 375.43 | OK | |
r-release-linux-x86_64 | 0.2.1 | 35.93 | 335.20 | 371.13 | OK | |
r-release-macos-arm64 | 0.2.1 | 150.00 | OK | |||
r-release-macos-x86_64 | 0.2.1 | 229.00 | OK | |||
r-release-windows-x86_64 | 0.2.1 | 39.00 | 319.00 | 358.00 | OK | |
r-oldrel-macos-arm64 | 0.2.1 | 153.00 | OK | |||
r-oldrel-macos-x86_64 | 0.2.1 | 305.00 | OK | |||
r-oldrel-windows-x86_64 | 0.2.1 | 50.00 | 406.00 | 456.00 | OK |
Version: 0.2.1
Check: Rd cross-references
Result: NOTE
Found the following Rd file(s) with Rd \link{} targets missing package
anchors:
cmcc_bioclim.Rd: sf, sfc
detect_envi_change.Rd: st_as_stars, read_stars, explain, geom_smooth
dim_reduce.Rd: sf, sfc
future_cmcc_bioclim.Rd: sf, sfc
future_worldclim2.Rd: sf, sfc
independent_response.Rd: st_as_stars, read_stars
isotree_po.Rd: isolation.forest, sf
mainland_africa.Rd: sf, sfc
marginal_response.Rd: st_as_stars, read_stars
plot.EnvironmentalOutlier.Rd: geom_sf
plot.ShapDependence.Rd: geom_smooth
shap_dependence.Rd: st_as_stars, read_stars, explain
shap_spatial_response.Rd: st_as_stars, read_stars, explain
spatial_response.Rd: st_as_stars, read_stars, explain
suspicious_env_outliers.Rd: outlier.tree, crs, sf
variable_analysis.Rd: st_as_stars, read_stars, explain
variable_contrib.Rd: explain
worldclim2.Rd: sf, sfc
Please provide package anchors for all Rd \link{} targets not in the
package itself and the base packages.
Flavors: r-devel-linux-x86_64-debian-clang, r-devel-linux-x86_64-debian-gcc, r-devel-windows-x86_64