Last updated on 2024-04-19 01:58:46 CEST.
Flavor | Version | Tinstall | Tcheck | Ttotal | Status | Flags |
---|---|---|---|---|---|---|
r-devel-linux-x86_64-debian-clang | 1.1.0 | 41.67 | 57.16 | 98.83 | NOTE | |
r-devel-linux-x86_64-debian-gcc | 1.1.0 | 33.96 | 41.73 | 75.69 | NOTE | |
r-devel-linux-x86_64-fedora-clang | 1.1.0 | 134.06 | NOTE | |||
r-devel-linux-x86_64-fedora-gcc | 1.1.0 | 136.26 | NOTE | |||
r-prerel-macos-arm64 | 1.1.0 | 37.00 | NOTE | |||
r-prerel-windows-x86_64 | 1.1.0 | 35.00 | 81.00 | 116.00 | NOTE | |
r-patched-linux-x86_64 | 1.1.0 | 37.50 | 52.45 | 89.95 | NOTE | |
r-release-linux-x86_64 | 1.1.0 | 45.66 | 54.99 | 100.65 | NOTE | |
r-release-macos-arm64 | 1.1.0 | 36.00 | NOTE | |||
r-release-macos-x86_64 | 1.1.0 | 56.00 | NOTE | |||
r-release-windows-x86_64 | 1.1.0 | 43.00 | 94.00 | 137.00 | NOTE | |
r-oldrel-macos-arm64 | 1.1.0 | 39.00 | OK | |||
r-oldrel-windows-x86_64 | 1.1.0 | 42.00 | 93.00 | 135.00 | OK |
Version: 1.1.0
Check: C++ specification
Result: NOTE
Specified C++11: please drop specification unless essential
Flavors: r-devel-linux-x86_64-debian-clang, r-devel-linux-x86_64-debian-gcc, r-devel-linux-x86_64-fedora-clang, r-devel-linux-x86_64-fedora-gcc, r-prerel-macos-arm64, r-prerel-windows-x86_64, r-patched-linux-x86_64, r-release-linux-x86_64, r-release-macos-arm64, r-release-macos-x86_64, r-release-windows-x86_64