Last updated on 2024-03-28 01:54:00 CET.
Flavor | Version | Tinstall | Tcheck | Ttotal | Status | Flags |
---|---|---|---|---|---|---|
r-devel-linux-x86_64-debian-clang | 0.1.0 | 6.81 | 61.56 | 68.37 | OK | |
r-devel-linux-x86_64-debian-gcc | 0.1.0 | 5.70 | 47.08 | 52.78 | OK | |
r-devel-linux-x86_64-fedora-clang | 0.1.0 | 91.48 | NOTE | |||
r-devel-linux-x86_64-fedora-gcc | 0.1.0 | 96.77 | NOTE | |||
r-devel-windows-x86_64 | 0.1.0 | 7.00 | 66.00 | 73.00 | OK | |
r-patched-linux-x86_64 | 0.1.0 | 7.51 | 58.53 | 66.04 | OK | |
r-release-linux-x86_64 | 0.1.0 | 4.30 | 56.05 | 60.35 | OK | |
r-release-macos-arm64 | 0.1.0 | 30.00 | OK | |||
r-release-macos-x86_64 | 0.1.0 | 47.00 | OK | |||
r-release-windows-x86_64 | 0.1.0 | 9.00 | 72.00 | 81.00 | OK | |
r-oldrel-macos-arm64 | 0.1.0 | 28.00 | NOTE | |||
r-oldrel-windows-x86_64 | 0.1.0 | 10.00 | 82.00 | 92.00 | OK |
Version: 0.1.0
Check: dependencies in R code
Result: NOTE
Namespaces in Imports field not imported from:
‘fBasics’ ‘reshape’ ‘tidyr’ ‘utils’
All declared Imports should be used.
Flavors: r-devel-linux-x86_64-fedora-clang, r-devel-linux-x86_64-fedora-gcc, r-oldrel-macos-arm64
Version: 0.1.0
Check: data for non-ASCII characters
Result: NOTE
Note: found 2261 marked UTF-8 strings
Flavors: r-devel-linux-x86_64-fedora-clang, r-devel-linux-x86_64-fedora-gcc, r-oldrel-macos-arm64