CRAN Package Check Results for Package jaod

Last updated on 2022-07-04 02:53:33 CEST.

Flavor Version Tinstall Tcheck Ttotal Status Flags
r-devel-linux-x86_64-debian-clang 0.3.0 2.14 28.42 30.56 NOTE
r-devel-linux-x86_64-debian-gcc 0.3.0 1.59 21.67 23.26 NOTE
r-devel-linux-x86_64-fedora-clang 0.3.0 47.76 NOTE
r-devel-linux-x86_64-fedora-gcc 0.3.0 46.07 NOTE
r-devel-windows-x86_64 0.3.0 10.00 58.00 68.00 NOTE
r-patched-linux-x86_64 0.3.0 1.99 27.09 29.08 NOTE
r-release-linux-x86_64 0.3.0 2.24 27.15 29.39 NOTE
r-release-macos-arm64 0.3.0 17.00 NOTE
r-release-macos-x86_64 0.3.0 24.00 NOTE
r-release-windows-x86_64 0.3.0 11.00 60.00 71.00 NOTE
r-oldrel-macos-arm64 0.3.0 20.00 NOTE
r-oldrel-macos-x86_64 0.3.0 26.00 NOTE
r-oldrel-windows-ix86+x86_64 0.3.0 6.00 47.00 53.00 NOTE

Check Details

Version: 0.3.0
Check: LazyData
Result: NOTE
     'LazyData' is specified without a 'data' directory
Flavors: r-devel-linux-x86_64-debian-clang, r-devel-linux-x86_64-debian-gcc, r-devel-linux-x86_64-fedora-clang, r-devel-linux-x86_64-fedora-gcc, r-devel-windows-x86_64, r-patched-linux-x86_64, r-release-linux-x86_64, r-release-macos-arm64, r-release-macos-x86_64, r-release-windows-x86_64, r-oldrel-macos-arm64, r-oldrel-macos-x86_64, r-oldrel-windows-ix86+x86_64