Last updated on 2024-03-28 01:54:00 CET.
Flavor | Version | Tinstall | Tcheck | Ttotal | Status | Flags |
---|---|---|---|---|---|---|
r-devel-linux-x86_64-debian-clang | 0.11 | 85.20 | 65.80 | 151.00 | NOTE | |
r-devel-linux-x86_64-debian-gcc | 0.11 | 63.76 | 53.25 | 117.01 | NOTE | |
r-devel-linux-x86_64-fedora-clang | 0.11 | 211.37 | NOTE | |||
r-devel-linux-x86_64-fedora-gcc | 0.11 | 218.87 | NOTE | |||
r-devel-windows-x86_64 | 0.11 | 59.00 | 106.00 | 165.00 | NOTE | |
r-patched-linux-x86_64 | 0.11 | 82.04 | 67.94 | 149.98 | NOTE | |
r-release-linux-x86_64 | 0.11 | 78.99 | 63.67 | 142.66 | NOTE | |
r-release-macos-arm64 | 0.11 | 61.00 | NOTE | |||
r-release-macos-x86_64 | 0.11 | 100.00 | NOTE | |||
r-release-windows-x86_64 | 0.11 | 77.00 | 116.00 | 193.00 | NOTE | |
r-oldrel-macos-arm64 | 0.11 | 58.00 | NOTE | |||
r-oldrel-windows-x86_64 | 0.11 | 74.00 | 112.00 | 186.00 | OK |
Version: 0.11
Check: C++ specification
Result: NOTE
Specified C++11: please drop specification unless essential
Flavors: r-devel-linux-x86_64-debian-clang, r-devel-linux-x86_64-debian-gcc, r-devel-linux-x86_64-fedora-clang, r-devel-linux-x86_64-fedora-gcc, r-devel-windows-x86_64, r-patched-linux-x86_64, r-release-linux-x86_64, r-release-macos-arm64, r-release-macos-x86_64, r-release-windows-x86_64
Version: 0.11
Check: installed package size
Result: NOTE
installed size is 5.9Mb
sub-directories of 1Mb or more:
libs 5.5Mb
Flavors: r-release-macos-arm64, r-release-macos-x86_64, r-oldrel-macos-arm64