Last updated on 2024-08-16 01:48:21 CEST.
Flavor | Version | Tinstall | Tcheck | Ttotal | Status | Flags |
---|---|---|---|---|---|---|
r-devel-linux-x86_64-debian-clang | 0.2.2 | 9.68 | 77.27 | 86.95 | OK | |
r-devel-linux-x86_64-debian-gcc | 0.2.2 | 6.80 | 56.93 | 63.73 | OK | |
r-devel-linux-x86_64-fedora-clang | 0.2.2 | 136.05 | NOTE | |||
r-devel-linux-x86_64-fedora-gcc | 0.2.2 | 128.19 | NOTE | |||
r-devel-windows-x86_64 | 0.2.2 | 11.00 | 93.00 | 104.00 | OK | |
r-patched-linux-x86_64 | 0.2.2 | 9.57 | 75.66 | 85.23 | OK | |
r-release-linux-x86_64 | 0.2.2 | 8.15 | 73.12 | 81.27 | OK | |
r-release-macos-arm64 | 0.2.2 | 41.00 | OK | |||
r-release-macos-x86_64 | 0.2.2 | 98.00 | OK | |||
r-release-windows-x86_64 | 0.2.2 | 14.00 | 91.00 | 105.00 | OK | |
r-oldrel-macos-arm64 | 0.2.2 | 46.00 | OK | |||
r-oldrel-macos-x86_64 | 0.2.2 | 82.00 | OK | |||
r-oldrel-windows-x86_64 | 0.2.2 | 13.00 | 105.00 | 118.00 | OK |
Version: 0.2.2
Check: data for non-ASCII characters
Result: NOTE
Note: found 16777 marked UTF-8 strings
Flavors: r-devel-linux-x86_64-fedora-clang, r-devel-linux-x86_64-fedora-gcc