CRAN Package Check Results for Package jmv

Last updated on 2020-02-26 07:51:44 CET.

Flavor Version Tinstall Tcheck Ttotal Status Flags
r-devel-linux-x86_64-debian-clang 1.2.5 82.36 101.12 183.48 OK
r-devel-linux-x86_64-debian-gcc 1.2.5 72.11 76.65 148.76 OK
r-devel-linux-x86_64-fedora-clang 1.2.5 248.72 NOTE
r-devel-linux-x86_64-fedora-gcc 1.2.5 238.11 NOTE
r-devel-windows-ix86+x86_64 1.0.8 109.00 111.00 220.00 OK
r-devel-windows-ix86+x86_64-gcc8 1.2.5 114.00 112.00 226.00 OK
r-patched-linux-x86_64 1.2.5 72.20 89.65 161.85 OK
r-patched-solaris-x86 1.2.5 262.20 NOTE
r-release-linux-x86_64 1.2.5 68.42 90.25 158.67 OK
r-release-windows-ix86+x86_64 1.2.5 93.00 103.00 196.00 OK
r-release-osx-x86_64 1.2.5 NOTE
r-oldrel-windows-ix86+x86_64 1.2.5 95.00 143.00 238.00 OK
r-oldrel-osx-x86_64 1.2.5 NOTE

Check Details

Version: 1.2.5
Check: dependencies in R code
Result: NOTE
    Namespaces in Imports field not imported from:
     ‘BayesFactor’ ‘GGally’ ‘GPArotation’ ‘MASS’ ‘PMCMR’ ‘R6’ ‘ROCR’
     ‘afex’ ‘car’ ‘emmeans’ ‘ggridges’ ‘lavaan’ ‘multcomp’ ‘mvnormtest’
     ‘nnet’ ‘psych’ ‘vcd’ ‘vcdExtra’
     All declared Imports should be used.
Flavors: r-devel-linux-x86_64-fedora-clang, r-devel-linux-x86_64-fedora-gcc, r-patched-solaris-x86, r-release-osx-x86_64, r-oldrel-osx-x86_64