Last updated on 2022-06-26 01:48:52 CEST.
Flavor | Version | Tinstall | Tcheck | Ttotal | Status | Flags |
---|---|---|---|---|---|---|
r-devel-linux-x86_64-debian-clang | 0.4.5 | 113.35 | 529.62 | 642.97 | OK | |
r-devel-linux-x86_64-debian-gcc | 0.4.5 | 91.24 | 386.31 | 477.55 | OK | |
r-devel-linux-x86_64-fedora-clang | 0.4.5 | 775.47 | NOTE | |||
r-devel-linux-x86_64-fedora-gcc | 0.4.5 | 766.56 | OK | |||
r-devel-windows-x86_64 | 0.4.5 | 125.00 | 680.00 | 805.00 | OK | |
r-patched-linux-x86_64 | 0.4.5 | 99.14 | 504.03 | 603.17 | OK | |
r-release-linux-x86_64 | 0.4.5 | 90.18 | 510.34 | 600.52 | OK | |
r-release-macos-arm64 | 0.4.5 | 197.00 | NOTE | |||
r-release-macos-x86_64 | 0.4.5 | 310.00 | NOTE | |||
r-release-windows-x86_64 | 0.4.5 | 124.00 | 656.00 | 780.00 | OK | |
r-oldrel-macos-arm64 | 0.4.5 | 264.00 | NOTE | |||
r-oldrel-macos-x86_64 | 0.4.5 | 376.00 | NOTE | |||
r-oldrel-windows-ix86+x86_64 | 0.4.5 | 269.00 | 923.00 | 1192.00 | OK |
Version: 0.4.5
Check: installed package size
Result: NOTE
installed size is 5.6Mb
sub-directories of 1Mb or more:
data 1.3Mb
libs 3.1Mb
Flavors: r-devel-linux-x86_64-fedora-clang, r-release-macos-arm64, r-release-macos-x86_64, r-oldrel-macos-arm64, r-oldrel-macos-x86_64