Last updated on 2024-08-16 01:48:21 CEST.
Flavor | Version | Tinstall | Tcheck | Ttotal | Status | Flags |
---|---|---|---|---|---|---|
r-devel-linux-x86_64-debian-clang | 0.6.0 | 5.53 | 33.16 | 38.69 | OK | |
r-devel-linux-x86_64-debian-gcc | 0.6.0 | 3.72 | 24.92 | 28.64 | OK | |
r-devel-linux-x86_64-fedora-clang | 0.6.0 | 61.37 | NOTE | |||
r-devel-linux-x86_64-fedora-gcc | 0.6.0 | 57.48 | OK | |||
r-devel-windows-x86_64 | 0.6.0 | 7.00 | 56.00 | 63.00 | OK | |
r-patched-linux-x86_64 | 0.6.0 | 6.07 | 31.77 | 37.84 | OK | |
r-release-linux-x86_64 | 0.6.0 | 5.25 | 31.36 | 36.61 | OK | |
r-release-macos-arm64 | 0.6.0 | 22.00 | OK | |||
r-release-macos-x86_64 | 0.6.0 | 44.00 | OK | |||
r-release-windows-x86_64 | 0.6.0 | 7.00 | 62.00 | 69.00 | OK | |
r-oldrel-macos-arm64 | 0.6.0 | 26.00 | OK | |||
r-oldrel-macos-x86_64 | 0.6.0 | 49.00 | OK | |||
r-oldrel-windows-x86_64 | 0.6.0 | 9.00 | 61.00 | 70.00 | OK |
Version: 0.6.0
Check: Rd cross-references
Result: NOTE
Undeclared package ‘later’ in Rd xrefs
Flavor: r-devel-linux-x86_64-fedora-clang