Last updated on 2025-05-19 02:49:39 CEST.
Flavor | Version | Tinstall | Tcheck | Ttotal | Status | Flags |
---|---|---|---|---|---|---|
r-devel-linux-x86_64-debian-clang | 2.6.0 | 6.54 | 41.00 | 47.54 | OK | |
r-devel-linux-x86_64-debian-gcc | 2.6.0 | 4.82 | 31.30 | 36.12 | OK | |
r-devel-linux-x86_64-fedora-clang | 2.6.0 | 68.95 | OK | |||
r-devel-linux-x86_64-fedora-gcc | 2.6.0 | 67.24 | OK | |||
r-devel-windows-x86_64 | 2.6.0 | 16.00 | 86.00 | 102.00 | OK | |
r-patched-linux-x86_64 | 2.6.0 | 6.59 | 38.42 | 45.01 | OK | |
r-release-linux-x86_64 | 2.6.0 | 6.09 | 37.82 | 43.91 | OK | |
r-release-macos-arm64 | 2.6.0 | 31.00 | OK | |||
r-release-macos-x86_64 | 2.6.0 | 45.00 | OK | |||
r-release-windows-x86_64 | 2.6.0 | 15.00 | 70.00 | 85.00 | OK | |
r-oldrel-macos-arm64 | 2.6.0 | 29.00 | NOTE | |||
r-oldrel-macos-x86_64 | 2.6.0 | 38.00 | NOTE | |||
r-oldrel-windows-x86_64 | 2.6.0 | 15.00 | 74.00 | 89.00 | OK |
Version: 2.6.0
Check: installed package size
Result: NOTE
installed size is 6.7Mb
sub-directories of 1Mb or more:
examples 2.8Mb
htmlwidgets 1.1Mb
www 2.7Mb
Flavors: r-oldrel-macos-arm64, r-oldrel-macos-x86_64