Last updated on 2024-04-23 01:57:03 CEST.
Flavor | Version | Tinstall | Tcheck | Ttotal | Status | Flags |
---|---|---|---|---|---|---|
r-devel-linux-x86_64-debian-clang | 2.5.0 | 5.96 | 48.49 | 54.45 | OK | |
r-devel-linux-x86_64-debian-gcc | 2.5.0 | 5.42 | 37.78 | 43.20 | OK | |
r-devel-linux-x86_64-fedora-clang | 2.5.0 | 69.07 | NOTE | |||
r-devel-linux-x86_64-fedora-gcc | 2.5.0 | 66.44 | NOTE | |||
r-prerel-macos-arm64 | 2.5.0 | 27.00 | NOTE | |||
r-prerel-windows-x86_64 | 2.5.0 | 15.00 | 61.00 | 76.00 | OK | |
r-patched-linux-x86_64 | 2.5.0 | 7.07 | 49.53 | 56.60 | OK | |
r-release-linux-x86_64 | 2.5.0 | 7.14 | 48.15 | 55.29 | OK | |
r-release-macos-arm64 | 2.5.0 | 32.00 | NOTE | |||
r-release-macos-x86_64 | 2.5.0 | 47.00 | NOTE | |||
r-release-windows-x86_64 | 2.5.0 | 17.00 | 68.00 | 85.00 | OK | |
r-oldrel-macos-arm64 | 2.5.0 | 32.00 | NOTE | |||
r-oldrel-windows-x86_64 | 2.5.0 | 14.00 | 72.00 | 86.00 | OK |
Version: 2.5.0
Check: installed package size
Result: NOTE
installed size is 6.9Mb
sub-directories of 1Mb or more:
examples 2.9Mb
htmlwidgets 1.1Mb
www 2.7Mb
Flavors: r-devel-linux-x86_64-fedora-clang, r-prerel-macos-arm64, r-release-macos-arm64, r-release-macos-x86_64, r-oldrel-macos-arm64
Version: 2.5.0
Check: data for non-ASCII characters
Result: NOTE
Note: found 17 marked UTF-8 strings
Flavors: r-devel-linux-x86_64-fedora-clang, r-devel-linux-x86_64-fedora-gcc