Last updated on 2024-03-28 01:54:00 CET.
Flavor | Version | Tinstall | Tcheck | Ttotal | Status | Flags |
---|---|---|---|---|---|---|
r-devel-linux-x86_64-debian-clang | 1.5.1 | 41.00 | 260.34 | 301.34 | OK | |
r-devel-linux-x86_64-debian-gcc | 1.5.1 | 31.17 | 190.52 | 221.69 | OK | |
r-devel-linux-x86_64-fedora-clang | 1.5.2 | 429.39 | NOTE | |||
r-devel-linux-x86_64-fedora-gcc | 1.5.2 | 412.31 | OK | |||
r-devel-windows-x86_64 | 1.5.1 | 33.00 | 201.00 | 234.00 | OK | |
r-patched-linux-x86_64 | 1.5.1 | 38.85 | 248.89 | 287.74 | OK | |
r-release-linux-x86_64 | 1.5.1 | 41.07 | 243.55 | 284.62 | OK | |
r-release-macos-arm64 | 1.5.2 | 77.00 | OK | |||
r-release-macos-x86_64 | 1.5.2 | 120.00 | OK | |||
r-release-windows-x86_64 | 1.5.1 | 50.00 | 260.00 | 310.00 | OK | |
r-oldrel-macos-arm64 | 1.5.2 | 67.00 | OK | |||
r-oldrel-windows-x86_64 | 1.5.1 | 51.00 | 264.00 | 315.00 | OK |
Version: 1.5.2
Check: package dependencies
Result: NOTE
Imports includes 32 non-default packages.
Importing from so many packages makes the package vulnerable to any of
them becoming unavailable. Move as many as possible to Suggests and
use conditionally.
Flavor: r-devel-linux-x86_64-fedora-clang