CRAN Package Check Results for Package junctions

Last updated on 2023-06-05 01:52:08 CEST.

Flavor Version Tinstall Tcheck Ttotal Status Flags
r-devel-linux-x86_64-debian-clang 2.0.3 67.45 141.65 209.10 NOTE
r-devel-linux-x86_64-debian-gcc 2.0.3 51.70 126.23 177.93 NOTE
r-devel-linux-x86_64-fedora-clang 2.0.3 280.08 NOTE
r-devel-linux-x86_64-fedora-gcc 2.0.3 312.19 NOTE
r-devel-windows-x86_64 2.0.3 53.00 163.00 216.00 NOTE
r-patched-linux-x86_64 2.0.3 46.11 159.47 205.58 NOTE
r-release-linux-x86_64 2.0.3 44.81 160.44 205.25 NOTE
r-release-macos-arm64 2.0.3 100.00 NOTE
r-release-macos-x86_64 2.0.3 145.00 NOTE
r-release-windows-x86_64 2.0.3 74.00 191.00 265.00 NOTE
r-oldrel-macos-arm64 2.0.3 83.00 OK
r-oldrel-macos-x86_64 2.0.3 118.00 OK
r-oldrel-windows-x86_64 2.0.3 69.00 190.00 259.00 OK

Check Details

Version: 2.0.3
Check: C++ specification
Result: NOTE
     Specified C++14: please drop specification unless essential
Flavors: r-devel-linux-x86_64-debian-clang, r-devel-linux-x86_64-debian-gcc, r-devel-linux-x86_64-fedora-clang, r-devel-linux-x86_64-fedora-gcc, r-devel-windows-x86_64, r-patched-linux-x86_64, r-release-linux-x86_64, r-release-macos-arm64, r-release-macos-x86_64, r-release-windows-x86_64