Last updated on 2024-04-20 01:49:59 CEST.
Flavor | Version | Tinstall | Tcheck | Ttotal | Status | Flags |
---|---|---|---|---|---|---|
r-devel-linux-x86_64-debian-clang | 1.4.1 | 0.56 | 2.08 | 2.64 | ERROR | |
r-devel-linux-x86_64-debian-gcc | 1.4.1 | OK | ||||
r-devel-linux-x86_64-fedora-clang | 1.4.1 | 394.43 | OK | |||
r-devel-linux-x86_64-fedora-gcc | 1.4.1 | 374.28 | OK | |||
r-prerel-macos-arm64 | 1.4.1 | 95.00 | OK | |||
r-prerel-macos-x86_64 | 1.4.1 | 193.00 | OK | |||
r-prerel-windows-x86_64 | 1.4.1 | 29.00 | 209.00 | 238.00 | OK | |
r-patched-linux-x86_64 | 1.4.1 | 23.75 | 274.34 | 298.09 | OK | |
r-release-linux-x86_64 | 1.4.1 | 23.86 | 274.83 | 298.69 | OK | |
r-release-macos-arm64 | 1.4.1 | 96.00 | OK | |||
r-release-macos-x86_64 | 1.4.1 | 193.00 | OK | |||
r-release-windows-x86_64 | 1.4.1 | 37.00 | 264.00 | 301.00 | OK | |
r-oldrel-macos-arm64 | 1.4.1 | 111.00 | OK | |||
r-oldrel-windows-x86_64 | 1.4.1 | 42.00 | 253.00 | 295.00 | OK |
Version: 1.4.1
Check: package dependencies
Result: ERROR
Package required but not available: ‘biomaRt’
See section ‘The DESCRIPTION file’ in the ‘Writing R Extensions’
manual.
Flavor: r-devel-linux-x86_64-debian-clang