Last updated on 2022-06-27 01:49:54 CEST.
Flavor | Version | Tinstall | Tcheck | Ttotal | Status | Flags |
---|---|---|---|---|---|---|
r-devel-linux-x86_64-debian-clang | 1.0.5 | 3.32 | 28.86 | 32.18 | OK | |
r-devel-linux-x86_64-debian-gcc | 1.0.5 | 2.33 | 22.29 | 24.62 | OK | |
r-devel-linux-x86_64-fedora-clang | 1.0.5 | 48.94 | OK | |||
r-devel-linux-x86_64-fedora-gcc | 1.0.5 | 48.12 | OK | |||
r-devel-windows-x86_64 | 1.0.5 | 19.00 | 53.00 | 72.00 | OK | |
r-patched-linux-x86_64 | 1.0.5 | 2.92 | 27.60 | 30.52 | OK | |
r-release-linux-x86_64 | 1.0.5 | 3.18 | 27.18 | 30.36 | OK | |
r-release-macos-arm64 | 1.0.5 | 20.00 | NOTE | |||
r-release-macos-x86_64 | 1.0.5 | 23.00 | OK | |||
r-release-windows-x86_64 | 1.0.5 | 16.00 | 52.00 | 68.00 | OK | |
r-oldrel-macos-arm64 | 1.0.5 | 20.00 | NOTE | |||
r-oldrel-macos-x86_64 | 1.0.5 | 29.00 | NOTE | |||
r-oldrel-windows-ix86+x86_64 | 1.0.5 | 6.00 | 46.00 | 52.00 | OK |
Version: 1.0.5
Check: package dependencies
Result: NOTE
Package suggested but not available for checking: ‘org.Hs.eg.db’
Flavors: r-release-macos-arm64, r-oldrel-macos-arm64, r-oldrel-macos-x86_64