Last updated on 2024-03-28 01:54:00 CET.
Flavor | Version | Tinstall | Tcheck | Ttotal | Status | Flags |
---|---|---|---|---|---|---|
r-devel-linux-x86_64-debian-clang | 0.5.1 | 252.25 | 218.00 | 470.25 | OK | |
r-devel-linux-x86_64-debian-gcc | 0.5.1 | 189.88 | 172.16 | 362.04 | OK | |
r-devel-linux-x86_64-fedora-clang | 0.5.1 | 741.52 | OK | |||
r-devel-linux-x86_64-fedora-gcc | 0.5.1 | 743.90 | OK | |||
r-devel-windows-x86_64 | 0.5.1 | 188.00 | 193.00 | 381.00 | OK | |
r-patched-linux-x86_64 | 0.5.1 | 258.51 | 231.01 | 489.52 | OK | |
r-release-linux-x86_64 | 0.5.1 | 183.15 | 236.28 | 419.43 | OK | |
r-release-macos-arm64 | 0.5.1 | 151.00 | NOTE | |||
r-release-macos-x86_64 | 0.5.1 | 217.00 | NOTE | |||
r-release-windows-x86_64 | 0.5.1 | 244.00 | 226.00 | 470.00 | OK | |
r-oldrel-macos-arm64 | 0.5.1 | 147.00 | NOTE | |||
r-oldrel-windows-x86_64 | 0.5.1 | 247.00 | 228.00 | 475.00 | OK |
Version: 0.5.1
Check: installed package size
Result: NOTE
installed size is 10.6Mb
sub-directories of 1Mb or more:
libs 10.1Mb
Flavors: r-release-macos-arm64, r-release-macos-x86_64, r-oldrel-macos-arm64