Last updated on 2025-10-31 01:49:01 CET.
| Flavor | Version | Tinstall | Tcheck | Ttotal | Status | Flags | 
|---|---|---|---|---|---|---|
| r-devel-linux-x86_64-debian-clang | 1.2.1 | 1.90 | 27.95 | 29.85 | NOTE | |
| r-devel-linux-x86_64-debian-gcc | 1.2.1 | 1.33 | 22.62 | 23.95 | NOTE | |
| r-devel-linux-x86_64-fedora-clang | 1.2.1 | 46.78 | OK | |||
| r-devel-linux-x86_64-fedora-gcc | 1.2.1 | 56.35 | OK | |||
| r-devel-windows-x86_64 | 1.2.1 | 3.00 | 48.00 | 51.00 | OK | |
| r-patched-linux-x86_64 | 1.2.1 | 1.60 | 26.55 | 28.15 | OK | |
| r-release-linux-x86_64 | 1.2.1 | 1.82 | 26.45 | 28.27 | OK | |
| r-release-macos-arm64 | 1.2.1 | 1.00 | 33.00 | 34.00 | OK | |
| r-release-macos-x86_64 | 1.2.1 | 2.00 | 44.00 | 46.00 | OK | |
| r-release-windows-x86_64 | 1.2.1 | 3.00 | 48.00 | 51.00 | OK | |
| r-oldrel-macos-arm64 | 1.2.1 | 1.00 | 24.00 | 25.00 | OK | |
| r-oldrel-macos-x86_64 | 1.2.1 | 2.00 | 33.00 | 35.00 | OK | |
| r-oldrel-windows-x86_64 | 1.2.1 | 4.00 | 54.00 | 58.00 | OK | 
Version: 1.2.1
Check: CRAN incoming feasibility
Result: NOTE
  Maintainer: ‘Michael C Koohafkan <michael.koohafkan@gmail.com>’
  
  No Authors@R field in DESCRIPTION.
  Please add one, modifying
    Authors@R: person(given = c("Michael", "C"),
                      family = "Koohafkan",
                      role = c("aut", "cre"),
                      email = "michael.koohafkan@gmail.com")
  as necessary.
Flavors: r-devel-linux-x86_64-debian-clang, r-devel-linux-x86_64-debian-gcc