CRAN Package Check Results for Package kgschart

Last updated on 2025-11-24 02:50:06 CET.

Flavor Version Tinstall Tcheck Ttotal Status Flags
r-devel-linux-x86_64-debian-clang 1.3.5 2.59 37.13 39.72 OK
r-devel-linux-x86_64-debian-gcc 1.3.5 1.96 28.92 30.88 OK
r-devel-linux-x86_64-fedora-clang 1.3.5 55.71 OK
r-devel-linux-x86_64-fedora-gcc 1.3.5 56.54 OK
r-devel-windows-x86_64 1.3.5 8.00 56.00 64.00 OK
r-patched-linux-x86_64 1.3.5 2.26 34.63 36.89 OK
r-release-linux-x86_64 1.3.5 2.27 34.55 36.82 OK
r-release-macos-arm64 1.3.5 OK
r-release-macos-x86_64 1.3.5 2.00 37.00 39.00 OK
r-release-windows-x86_64 1.3.5 4.00 55.00 59.00 OK
r-oldrel-macos-arm64 1.3.5 NOTE
r-oldrel-macos-x86_64 1.3.5 2.00 31.00 33.00 NOTE
r-oldrel-windows-x86_64 1.3.5 6.00 74.00 80.00 NOTE

Check Details

Version: 1.3.5
Check: LazyData
Result: NOTE 'LazyData' is specified without a 'data' directory Flavors: r-oldrel-macos-arm64, r-oldrel-macos-x86_64, r-oldrel-windows-x86_64