Last updated on 2024-04-18 01:55:20 CEST.
Flavor | Version | Tinstall | Tcheck | Ttotal | Status | Flags |
---|---|---|---|---|---|---|
r-devel-linux-x86_64-debian-clang | 0.10.2 | 20.00 | 130.06 | 150.06 | NOTE | |
r-devel-linux-x86_64-debian-gcc | 0.10.2 | 11.91 | 108.69 | 120.60 | NOTE | |
r-devel-linux-x86_64-fedora-clang | 0.10.2 | 206.17 | NOTE | |||
r-devel-linux-x86_64-fedora-gcc | 0.10.2 | 205.50 | NOTE | |||
r-prerel-macos-arm64 | 0.10.2 | 60.00 | NOTE | |||
r-prerel-windows-x86_64 | 0.10.2 | 16.00 | 131.00 | 147.00 | NOTE | |
r-patched-linux-x86_64 | 0.10.2 | 16.22 | 138.58 | 154.80 | NOTE | |
r-release-linux-x86_64 | 0.10.2 | 11.56 | 138.79 | 150.35 | OK | |
r-release-macos-arm64 | 0.10.2 | 54.00 | OK | |||
r-release-macos-x86_64 | 0.10.2 | 78.00 | OK | |||
r-release-windows-x86_64 | 0.10.2 | 20.00 | 159.00 | 179.00 | OK | |
r-oldrel-macos-arm64 | 0.10.2 | 52.00 | NOTE | |||
r-oldrel-windows-x86_64 | 0.10.2 | 21.00 | 162.00 | 183.00 | OK |
Version: 0.10.2
Check: Rd files
Result: NOTE
checkRd: (-1) mount_appdata.Rd:10: Lost braces; missing escapes or markup?
10 | \item{x}{An object of class \code{KinPairData} or {KinPairSimulation}}
| ^
Flavors: r-devel-linux-x86_64-debian-clang, r-devel-linux-x86_64-debian-gcc, r-devel-linux-x86_64-fedora-clang, r-devel-linux-x86_64-fedora-gcc, r-prerel-macos-arm64, r-prerel-windows-x86_64, r-patched-linux-x86_64
Version: 0.10.2
Check: dependencies in R code
Result: NOTE
Namespaces in Imports field not imported from:
‘fitdistrplus’ ‘plotly’
All declared Imports should be used.
Flavors: r-devel-linux-x86_64-fedora-clang, r-devel-linux-x86_64-fedora-gcc, r-oldrel-macos-arm64