Last updated on 2024-03-28 01:54:00 CET.
Flavor | Version | Tinstall | Tcheck | Ttotal | Status | Flags |
---|---|---|---|---|---|---|
r-devel-linux-x86_64-debian-clang | 0.1.0 | 3.12 | 220.39 | 223.51 | NOTE | |
r-devel-linux-x86_64-debian-gcc | 0.1.0 | 2.28 | 166.64 | 168.92 | NOTE | |
r-devel-linux-x86_64-fedora-clang | 0.1.0 | 282.20 | NOTE | |||
r-devel-linux-x86_64-fedora-gcc | 0.1.0 | 295.58 | NOTE | |||
r-devel-windows-x86_64 | 0.1.0 | 4.00 | 195.00 | 199.00 | NOTE | |
r-patched-linux-x86_64 | 0.1.0 | 2.82 | 214.07 | 216.89 | NOTE | |
r-release-linux-x86_64 | 0.1.0 | 2.30 | 209.05 | 211.35 | NOTE | |
r-release-macos-arm64 | 0.1.0 | 87.00 | NOTE | |||
r-release-macos-x86_64 | 0.1.0 | 159.00 | NOTE | |||
r-release-windows-x86_64 | 0.1.0 | 4.00 | 227.00 | 231.00 | NOTE | |
r-oldrel-macos-arm64 | 0.1.0 | 77.00 | NOTE | |||
r-oldrel-windows-x86_64 | 0.1.0 | 5.00 | 241.00 | 246.00 | NOTE |
Version: 0.1.0
Check: LazyData
Result: NOTE
'LazyData' is specified without a 'data' directory
Flavors: r-devel-linux-x86_64-debian-clang, r-devel-linux-x86_64-debian-gcc, r-devel-linux-x86_64-fedora-clang, r-devel-linux-x86_64-fedora-gcc, r-devel-windows-x86_64, r-patched-linux-x86_64, r-release-linux-x86_64, r-release-macos-arm64, r-release-macos-x86_64, r-release-windows-x86_64, r-oldrel-macos-arm64, r-oldrel-windows-x86_64
Version: 0.1.0
Check: dependencies in R code
Result: NOTE
Namespaces in Imports field not imported from:
‘Rcpp’ ‘SnowballC’ ‘stringi’
All declared Imports should be used.
Flavors: r-devel-linux-x86_64-fedora-clang, r-devel-linux-x86_64-fedora-gcc